CRAN Package Check Results for Package webreadr

Last updated on 2019-09-17 00:49:29 CEST.

Flavor Version Tinstall Tcheck Ttotal Status Flags
r-devel-linux-x86_64-debian-clang 0.4.0 16.94 32.71 49.65 OK
r-devel-linux-x86_64-debian-gcc 0.4.0 OK
r-devel-linux-x86_64-fedora-clang 0.4.0 68.21 NOTE
r-devel-linux-x86_64-fedora-gcc 0.4.0 65.55 NOTE
r-devel-windows-ix86+x86_64 0.4.0 57.00 71.00 128.00 OK
r-patched-linux-x86_64 0.4.0 16.54 31.37 47.91 OK
r-patched-solaris-x86 0.4.0 84.80 NOTE
r-release-linux-x86_64 0.4.0 15.07 32.69 47.76 OK
r-release-windows-ix86+x86_64 0.4.0 36.00 72.00 108.00 OK
r-release-osx-x86_64 0.4.0 OK
r-oldrel-windows-ix86+x86_64 0.4.0 50.00 68.00 118.00 OK
r-oldrel-osx-x86_64 0.4.0 OK

Check Details

Version: 0.4.0
Check: compiled code
Result: NOTE
    File ‘webreadr/libs/webreadr.so’:
     Found no calls to: ‘R_registerRoutines’, ‘R_useDynamicSymbols’
    
    It is good practice to register native routines and to disable symbol
    search.
    
    See ‘Writing portable packages’ in the ‘Writing R Extensions’ manual.
Flavors: r-devel-linux-x86_64-fedora-clang, r-devel-linux-x86_64-fedora-gcc

Version: 0.4.0
Check: package dependencies
Result: NOTE
    Package suggested but not available for checking: ‘iptools’
Flavor: r-patched-solaris-x86