CRAN Package Check Results for Package webutils

Last updated on 2018-10-19 00:50:36 CEST.

Flavor Version Tinstall Tcheck Ttotal Status Flags
r-devel-linux-x86_64-debian-clang 0.6 1.94 22.55 24.49 OK
r-devel-linux-x86_64-debian-gcc 0.6 1.46 18.25 19.71 OK
r-devel-linux-x86_64-fedora-clang 0.6 28.82 OK
r-devel-linux-x86_64-fedora-gcc 0.6 27.29 OK
r-devel-windows-ix86+x86_64 0.6 8.00 50.00 58.00 OK
r-patched-linux-x86_64 0.6 1.65 19.68 21.33 OK
r-patched-solaris-x86 0.6 43.30 OK
r-release-linux-x86_64 0.6 1.67 20.14 21.81 OK
r-release-windows-ix86+x86_64 0.6 7.00 91.00 98.00 OK
r-release-osx-x86_64 0.6 ERROR
r-oldrel-windows-ix86+x86_64 0.6 7.00 60.00 67.00 OK
r-oldrel-osx-x86_64 0.6 OK

Check Details

Version: 0.6
Check: tests
Result: ERROR
     Running ‘testthat.R’ [2s/2s]
    Running the tests in ‘tests/testthat.R’ failed.
    Last 13 lines of output:
     1: curl::curl_echo(h) at testthat/test-echo.R:14
     2: curl_fetch_memory(paste0("http://localhost:", port, "/"), handle = handle)
    
     ── 2. Error: Echo a big file (@test-echo.R#51) ────────────────────────────────
     Callback aborted
     1: curl::curl_echo(h) at testthat/test-echo.R:51
     2: curl_fetch_memory(paste0("http://localhost:", port, "/"), handle = handle)
    
     ══ testthat results ═══════════════════════════════════════════════════════════
     OK: 14 SKIPPED: 0 FAILED: 2
     1. Error: test echo from httpuv (@test-echo.R#14)
     2. Error: Echo a big file (@test-echo.R#51)
    
     Error: testthat unit tests failed
     Execution halted
Flavor: r-release-osx-x86_64