CRAN Package Check Results for Package webutils

Last updated on 2018-07-23 00:51:36 CEST.

Flavor Version Tinstall Tcheck Ttotal Status Flags
r-devel-linux-x86_64-debian-clang 0.6 1.92 21.64 23.56 OK
r-devel-linux-x86_64-debian-gcc 0.6 1.55 17.46 19.01 OK
r-devel-linux-x86_64-fedora-clang 0.6 28.12 OK
r-devel-linux-x86_64-fedora-gcc 0.6 25.78 OK
r-devel-windows-ix86+x86_64 0.6 11.00 50.00 61.00 OK
r-patched-linux-x86_64 0.6 OK
r-patched-solaris-x86 0.6 44.70 OK
r-release-linux-x86_64 0.6 1.79 20.26 22.05 OK
r-release-windows-ix86+x86_64 0.6 7.00 40.00 47.00 OK
r-release-osx-x86_64 0.6 ERROR
r-oldrel-windows-ix86+x86_64 0.6 7.00 46.00 53.00 OK
r-oldrel-osx-x86_64 0.6 OK

Check Details

Version: 0.6
Check: tests
Result: ERROR
     Running ‘testthat.R’ [2s/2s]
    Running the tests in ‘tests/testthat.R’ failed.
    Last 13 lines of output:
     1: curl::curl_echo(h) at testthat/test-echo.R:14
     2: curl_fetch_memory(paste0("http://localhost:", port, "/"), handle = handle)
    
     ── 2. Error: Echo a big file (@test-echo.R#51) ────────────────────────────────
     Callback aborted
     1: curl::curl_echo(h) at testthat/test-echo.R:51
     2: curl_fetch_memory(paste0("http://localhost:", port, "/"), handle = handle)
    
     ══ testthat results ═══════════════════════════════════════════════════════════
     OK: 14 SKIPPED: 0 FAILED: 2
     1. Error: test echo from httpuv (@test-echo.R#14)
     2. Error: Echo a big file (@test-echo.R#51)
    
     Error: testthat unit tests failed
     Execution halted
Flavor: r-release-osx-x86_64