CRAN Package Check Results for Package whereport

Last updated on 2018-10-18 00:48:44 CEST.

Flavor Version Tinstall Tcheck Ttotal Status Flags
r-devel-linux-x86_64-debian-clang 0.1 1.40 21.31 22.71 NOTE
r-devel-linux-x86_64-debian-gcc 0.1 1.15 17.05 18.20 NOTE
r-devel-linux-x86_64-fedora-clang 0.1 26.20 NOTE
r-devel-linux-x86_64-fedora-gcc 0.1 25.40 NOTE
r-devel-windows-ix86+x86_64 0.1 4.00 33.00 37.00 OK
r-patched-linux-x86_64 0.1 1.11 18.38 19.49 NOTE
r-patched-solaris-x86 0.1 37.50 NOTE
r-release-linux-x86_64 0.1 1.25 18.84 20.09 NOTE
r-release-windows-ix86+x86_64 0.1 3.00 40.00 43.00 OK
r-release-osx-x86_64 0.1 NOTE
r-oldrel-windows-ix86+x86_64 0.1 5.00 31.00 36.00 OK
r-oldrel-osx-x86_64 0.1 NOTE

Check Details

Version: 0.1
Check: DESCRIPTION meta-information
Result: NOTE
    Dependence on R version ‘3.4.2’ not with patchlevel 0
Flavors: r-devel-linux-x86_64-debian-clang, r-devel-linux-x86_64-debian-gcc, r-devel-linux-x86_64-fedora-clang, r-devel-linux-x86_64-fedora-gcc, r-patched-linux-x86_64, r-release-linux-x86_64

Version: 0.1
Check: data for non-ASCII characters
Result: NOTE
     Note: found 4102 marked UTF-8 strings
Flavors: r-devel-linux-x86_64-fedora-clang, r-devel-linux-x86_64-fedora-gcc, r-patched-solaris-x86, r-release-osx-x86_64, r-oldrel-osx-x86_64