CRAN Package Check Results for Package whereport

Last updated on 2019-01-19 00:46:49 CET.

Flavor Version Tinstall Tcheck Ttotal Status Flags
r-devel-linux-x86_64-debian-clang 0.1 1.01 20.24 21.25 NOTE
r-devel-linux-x86_64-debian-gcc 0.1 0.98 16.08 17.06 NOTE
r-devel-linux-x86_64-fedora-clang 0.1 25.87 NOTE
r-devel-linux-x86_64-fedora-gcc 0.1 23.76 NOTE
r-devel-windows-ix86+x86_64 0.1 5.00 35.00 40.00 OK
r-patched-linux-x86_64 0.1 0.90 18.81 19.71 NOTE
r-patched-solaris-x86 0.1 37.00 NOTE
r-release-linux-x86_64 0.1 0.94 18.64 19.58 NOTE
r-release-windows-ix86+x86_64 0.1 5.00 44.00 49.00 OK
r-release-osx-x86_64 0.1 NOTE
r-oldrel-windows-ix86+x86_64 0.1 4.00 30.00 34.00 OK
r-oldrel-osx-x86_64 0.1 NOTE

Check Details

Version: 0.1
Check: DESCRIPTION meta-information
Result: NOTE
    Dependence on R version ‘3.4.2’ not with patchlevel 0
Flavors: r-devel-linux-x86_64-debian-clang, r-devel-linux-x86_64-debian-gcc, r-devel-linux-x86_64-fedora-clang, r-devel-linux-x86_64-fedora-gcc, r-patched-linux-x86_64, r-release-linux-x86_64

Version: 0.1
Check: data for non-ASCII characters
Result: NOTE
     Note: found 4102 marked UTF-8 strings
Flavors: r-devel-linux-x86_64-fedora-clang, r-devel-linux-x86_64-fedora-gcc, r-patched-solaris-x86, r-release-osx-x86_64, r-oldrel-osx-x86_64