CRAN Package Check Results for Package whereport

Last updated on 2018-04-19 00:47:18 CEST.

Flavor Version Tinstall Tcheck Ttotal Status Flags
r-devel-linux-x86_64-debian-clang 0.1 1.19 16.01 17.20 NOTE
r-devel-linux-x86_64-debian-gcc 0.1 0.81 14.79 15.60 NOTE
r-devel-linux-x86_64-fedora-clang 0.1 23.64 NOTE
r-devel-linux-x86_64-fedora-gcc 0.1 22.31 NOTE
r-devel-windows-ix86+x86_64 0.1 4.00 32.00 36.00 OK
r-devel-osx-x86_64 0.1 NOTE
r-patched-linux-x86_64 0.1 1.16 18.01 19.17 NOTE
r-patched-solaris-x86 0.1 38.00 NOTE
r-release-linux-x86_64 0.1 1.09 17.21 18.30 OK
r-release-windows-ix86+x86_64 0.1 3.00 42.00 45.00 OK
r-release-osx-x86_64 0.1 NOTE

Check Details

Version: 0.1
Check: DESCRIPTION meta-information
Result: NOTE
    Dependence on R version ‘3.4.2’ not with patchlevel 0
Flavors: r-devel-linux-x86_64-debian-clang, r-devel-linux-x86_64-debian-gcc, r-devel-linux-x86_64-fedora-clang, r-devel-linux-x86_64-fedora-gcc, r-patched-linux-x86_64

Version: 0.1
Check: data for non-ASCII characters
Result: NOTE
     Note: found 4102 marked UTF-8 strings
Flavors: r-devel-linux-x86_64-fedora-clang, r-devel-linux-x86_64-fedora-gcc, r-devel-osx-x86_64, r-patched-solaris-x86, r-release-osx-x86_64