CRAN Package Check Results for Package whereport

Last updated on 2018-07-17 00:53:10 CEST.

Flavor Version Tinstall Tcheck Ttotal Status Flags
r-devel-linux-x86_64-debian-clang 0.1 1.36 18.09 19.45 NOTE
r-devel-linux-x86_64-debian-gcc 0.1 1.10 16.44 17.54 NOTE
r-devel-linux-x86_64-fedora-clang 0.1 24.93 NOTE
r-devel-linux-x86_64-fedora-gcc 0.1 24.20 NOTE
r-devel-windows-ix86+x86_64 0.1 5.00 34.00 39.00 OK
r-patched-linux-x86_64 0.1 1.19 18.74 19.93 NOTE
r-patched-solaris-x86 0.1 39.40 NOTE
r-release-linux-x86_64 0.1 1.31 18.70 20.01 NOTE
r-release-windows-ix86+x86_64 0.1 3.00 50.00 53.00 OK
r-release-osx-x86_64 0.1 NOTE
r-oldrel-windows-ix86+x86_64 0.1 3.00 45.00 48.00 OK
r-oldrel-osx-x86_64 0.1 NOTE

Check Details

Version: 0.1
Check: DESCRIPTION meta-information
Result: NOTE
    Dependence on R version ‘3.4.2’ not with patchlevel 0
Flavors: r-devel-linux-x86_64-debian-clang, r-devel-linux-x86_64-debian-gcc, r-devel-linux-x86_64-fedora-clang, r-devel-linux-x86_64-fedora-gcc, r-patched-linux-x86_64, r-release-linux-x86_64

Version: 0.1
Check: data for non-ASCII characters
Result: NOTE
     Note: found 4102 marked UTF-8 strings
Flavors: r-devel-linux-x86_64-fedora-clang, r-devel-linux-x86_64-fedora-gcc, r-patched-solaris-x86, r-release-osx-x86_64, r-oldrel-osx-x86_64