CRAN Package Check Results for Package whereport

Last updated on 2018-01-24 00:47:25 CET.

Flavor Version Tinstall Tcheck Ttotal Status Flags
r-devel-linux-x86_64-debian-clang 0.1 0.86 19.17 20.03 NOTE
r-devel-linux-x86_64-debian-gcc 0.1 0.89 15.28 16.17 NOTE
r-devel-linux-x86_64-fedora-clang 0.1 24.18 NOTE
r-devel-linux-x86_64-fedora-gcc 0.1 24.58 NOTE
r-devel-windows-ix86+x86_64 0.1 6.00 33.00 39.00 OK
r-patched-linux-x86_64 0.1 1.08 17.39 18.47 OK
r-patched-solaris-x86 0.1 36.00 NOTE
r-release-linux-x86_64 0.1 1.15 17.54 18.69 OK
r-release-windows-ix86+x86_64 0.1 3.00 49.00 52.00 OK
r-release-osx-x86_64 0.1 NOTE
r-oldrel-osx-x86_64 0.1 ERROR

Check Details

Version: 0.1
Check: DESCRIPTION meta-information
Result: NOTE
    Dependence on R version ‘3.4.2’ not with patchlevel 0
Flavors: r-devel-linux-x86_64-debian-clang, r-devel-linux-x86_64-debian-gcc, r-devel-linux-x86_64-fedora-clang, r-devel-linux-x86_64-fedora-gcc

Version: 0.1
Check: data for non-ASCII characters
Result: NOTE
     Note: found 4102 marked UTF-8 strings
Flavors: r-devel-linux-x86_64-fedora-clang, r-devel-linux-x86_64-fedora-gcc, r-patched-solaris-x86, r-release-osx-x86_64

Version: 0.1
Check: whether package can be installed
Result: ERROR
    Installation failed.
Flavor: r-oldrel-osx-x86_64