CRAN Package Check Results for Package x12

Last updated on 2019-12-16 00:49:15 CET.

Flavor Version Tinstall Tcheck Ttotal Status Flags
r-devel-linux-x86_64-debian-clang 1.9.0 12.71 74.84 87.55 NOTE
r-devel-linux-x86_64-debian-gcc 1.9.0 10.10 57.17 67.27 NOTE
r-devel-linux-x86_64-fedora-clang 1.9.0 107.26 NOTE
r-devel-linux-x86_64-fedora-gcc 1.9.0 100.82 NOTE
r-devel-windows-ix86+x86_64 1.9.0 19.00 114.00 133.00 OK
r-devel-windows-ix86+x86_64-gcc8 1.9.0 18.00 116.00 134.00 OK
r-patched-linux-x86_64 1.9.0 9.71 67.69 77.40 OK
r-patched-solaris-x86 1.9.0 17.80 ERROR
r-release-linux-x86_64 1.9.0 10.37 67.62 77.99 OK
r-release-windows-ix86+x86_64 1.9.0 18.00 83.00 101.00 OK
r-release-osx-x86_64 1.9.0 OK
r-oldrel-windows-ix86+x86_64 1.9.0 13.00 80.00 93.00 OK
r-oldrel-osx-x86_64 1.9.0 OK

Check Details

Version: 1.9.0
Check: for non-standard things in the check directory
Result: NOTE
    Found the following files/directories:
     'Rout.a1' 'Rout.b1' 'Rout.d10' 'Rout.d11' 'Rout.d12' 'Rout.dat'
     'Rout.ftr' 'Rout.html' 'Rout.spc' 'Rout_Profiler.txt' 'Rout_err.html'
     'Rout_log.html' 'gra_Rout'
Flavors: r-devel-linux-x86_64-debian-clang, r-devel-linux-x86_64-debian-gcc, r-devel-linux-x86_64-fedora-clang, r-devel-linux-x86_64-fedora-gcc

Version: 1.9.0
Check: whether package can be installed
Result: ERROR
    Installation failed.
Flavor: r-patched-solaris-x86