CRAN Package Check Results for Package x12

Last updated on 2020-07-11 00:49:05 CEST.

Flavor Version Tinstall Tcheck Ttotal Status Flags
r-devel-linux-x86_64-debian-clang 1.9.0 12.10 74.79 86.89 NOTE
r-devel-linux-x86_64-debian-gcc 1.9.0 9.45 57.68 67.13 NOTE
r-devel-linux-x86_64-fedora-clang 1.9.0 112.04 NOTE
r-devel-linux-x86_64-fedora-gcc 1.9.0 102.92 NOTE
r-devel-windows-ix86+x86_64 1.9.0 20.00 99.00 119.00 OK
r-patched-linux-x86_64 1.9.0 11.14 75.82 86.96 NOTE
r-patched-solaris-x86 1.9.0 23.20 ERROR
r-release-linux-x86_64 1.9.0 13.63 75.02 88.65 NOTE
r-release-osx-x86_64 1.9.0 OK
r-release-windows-ix86+x86_64 1.9.0 26.00 124.00 150.00 OK
r-oldrel-osx-x86_64 1.9.0 OK
r-oldrel-windows-ix86+x86_64 1.9.0 22.00 114.00 136.00 OK

Check Details

Version: 1.9.0
Check: for non-standard things in the check directory
Result: NOTE
    Found the following files/directories:
     'Rout.a1' 'Rout.b1' 'Rout.d10' 'Rout.d11' 'Rout.d12' 'Rout.dat'
     'Rout.ftr' 'Rout.html' 'Rout.spc' 'Rout_Profiler.txt' 'Rout_err.html'
     'Rout_log.html' 'gra_Rout'
Flavors: r-devel-linux-x86_64-debian-clang, r-devel-linux-x86_64-debian-gcc, r-devel-linux-x86_64-fedora-clang, r-devel-linux-x86_64-fedora-gcc, r-patched-linux-x86_64, r-release-linux-x86_64

Version: 1.9.0
Check: whether package can be installed
Result: ERROR
    Installation failed.
Flavor: r-patched-solaris-x86