CRAN Package Check Results for Package xtensor

Last updated on 2019-07-16 00:48:32 CEST.

Flavor Version Tinstall Tcheck Ttotal Status Flags
r-devel-linux-x86_64-debian-clang 0.11.1-0 54.10 23.05 77.15 OK
r-devel-linux-x86_64-debian-gcc 0.11.1-0 37.74 18.65 56.39 OK
r-devel-linux-x86_64-fedora-clang 0.11.1-0 112.71 NOTE
r-devel-linux-x86_64-fedora-gcc 0.11.1-0 104.69 OK
r-devel-windows-ix86+x86_64 0.11.1-0 171.00 56.00 227.00 NOTE
r-patched-linux-x86_64 0.11.1-0 47.46 22.89 70.35 OK
r-patched-solaris-x86 0.11.1-0 109.90 OK
r-release-linux-x86_64 0.11.1-0 46.05 22.81 68.86 OK
r-release-windows-ix86+x86_64 0.11.1-0 131.00 80.00 211.00 NOTE
r-release-osx-x86_64 0.11.1-0 NOTE
r-oldrel-windows-ix86+x86_64 0.11.1-0 154.00 57.00 211.00 NOTE
r-oldrel-osx-x86_64 0.11.1-0 NOTE

Check Details

Version: 0.11.1-0
Check: installed package size
Result: NOTE
     installed size is 5.2Mb
     sub-directories of 1Mb or more:
     include 3.5Mb
     libs 1.6Mb
Flavors: r-devel-linux-x86_64-fedora-clang, r-devel-windows-ix86+x86_64, r-release-windows-ix86+x86_64, r-release-osx-x86_64, r-oldrel-windows-ix86+x86_64, r-oldrel-osx-x86_64