CRAN Package Check Results for Package xtensor

Last updated on 2019-10-23 00:48:07 CEST.

Flavor Version Tinstall Tcheck Ttotal Status Flags
r-devel-linux-x86_64-debian-clang 0.11.1-0 67.57 22.51 90.08 OK
r-devel-linux-x86_64-debian-gcc 0.11.1-0 38.59 18.44 57.03 OK
r-devel-linux-x86_64-fedora-clang 0.11.1-0 118.17 NOTE
r-devel-linux-x86_64-fedora-gcc 0.11.1-0 111.66 OK
r-devel-windows-ix86+x86_64 0.11.1-0 167.00 71.00 238.00 NOTE
r-patched-linux-x86_64 0.11.1-0 44.91 22.41 67.32 OK
r-patched-solaris-x86 0.11.1-0 107.40 OK
r-release-linux-x86_64 0.11.1-0 45.60 22.30 67.90 OK
r-release-windows-ix86+x86_64 0.11.1-0 173.00 53.00 226.00 NOTE
r-release-osx-x86_64 0.11.1-0 NOTE
r-oldrel-windows-ix86+x86_64 0.11.1-0 157.00 70.00 227.00 NOTE
r-oldrel-osx-x86_64 0.11.1-0 NOTE

Check Details

Version: 0.11.1-0
Check: installed package size
Result: NOTE
     installed size is 5.3Mb
     sub-directories of 1Mb or more:
     include 3.5Mb
     libs 1.7Mb
Flavors: r-devel-linux-x86_64-fedora-clang, r-devel-windows-ix86+x86_64, r-release-windows-ix86+x86_64, r-release-osx-x86_64, r-oldrel-windows-ix86+x86_64, r-oldrel-osx-x86_64