CRAN Package Check Results for Package zebu

Last updated on 2019-07-16 00:48:32 CEST.

Flavor Version Tinstall Tcheck Ttotal Status Flags
r-devel-linux-x86_64-debian-clang 0.1.2 2.43 50.07 52.50 NOTE
r-devel-linux-x86_64-debian-gcc 0.1.2 2.01 38.54 40.55 NOTE
r-devel-linux-x86_64-fedora-clang 0.1.2 60.94 NOTE
r-devel-linux-x86_64-fedora-gcc 0.1.2 60.13 NOTE
r-devel-windows-ix86+x86_64 0.1.2 10.00 60.00 70.00 NOTE
r-patched-linux-x86_64 0.1.2 2.60 49.27 51.87 NOTE
r-patched-solaris-x86 0.1.2 76.10 NOTE
r-release-linux-x86_64 0.1.2 2.09 48.66 50.75 NOTE
r-release-windows-ix86+x86_64 0.1.2 7.00 90.00 97.00 NOTE
r-release-osx-x86_64 0.1.2 OK
r-oldrel-windows-ix86+x86_64 0.1.2 7.00 84.00 91.00 NOTE
r-oldrel-osx-x86_64 0.1.2 OK

Check Details

Version: 0.1.2
Check: dependencies in R code
Result: NOTE
    Missing or unexported object: 'devtools::use_data'
Flavors: r-devel-linux-x86_64-debian-clang, r-devel-linux-x86_64-debian-gcc, r-devel-linux-x86_64-fedora-clang, r-devel-linux-x86_64-fedora-gcc, r-devel-windows-ix86+x86_64, r-patched-linux-x86_64, r-patched-solaris-x86, r-release-linux-x86_64, r-release-windows-ix86+x86_64, r-oldrel-windows-ix86+x86_64

Version: 0.1.2
Check: for non-standard things in the check directory
Result: NOTE
    Found the following files/directories:
     'test.csv'
Flavors: r-devel-linux-x86_64-debian-clang, r-devel-linux-x86_64-debian-gcc, r-devel-linux-x86_64-fedora-clang, r-devel-linux-x86_64-fedora-gcc