CRAN Package Check Results for Package zebu

Last updated on 2019-11-22 00:49:30 CET.

Flavor Version Tinstall Tcheck Ttotal Status Flags
r-devel-linux-x86_64-debian-clang 0.1.2 2.81 51.80 54.61 NOTE
r-devel-linux-x86_64-debian-gcc 0.1.2 2.41 40.76 43.17 NOTE
r-devel-linux-x86_64-fedora-clang 0.1.2 63.28 NOTE
r-devel-linux-x86_64-fedora-gcc 0.1.2 62.01 NOTE
r-devel-windows-ix86+x86_64 0.1.2 15.00 70.00 85.00 NOTE
r-devel-windows-ix86+x86_64-gcc8 0.1.2 8.00 64.00 72.00 NOTE
r-patched-linux-x86_64 0.1.2 2.40 47.70 50.10 NOTE
r-patched-solaris-x86 0.1.2 83.10 NOTE
r-release-linux-x86_64 0.1.2 1.99 48.77 50.76 NOTE
r-release-windows-ix86+x86_64 0.1.2 10.00 83.00 93.00 NOTE
r-release-osx-x86_64 0.1.2 OK
r-oldrel-windows-ix86+x86_64 0.1.2 4.00 88.00 92.00 NOTE
r-oldrel-osx-x86_64 0.1.2 OK

Check Details

Version: 0.1.2
Check: dependencies in R code
Result: NOTE
    Missing or unexported object: 'devtools::use_data'
Flavors: r-devel-linux-x86_64-debian-clang, r-devel-linux-x86_64-debian-gcc, r-devel-linux-x86_64-fedora-clang, r-devel-linux-x86_64-fedora-gcc, r-devel-windows-ix86+x86_64, r-devel-windows-ix86+x86_64-gcc8, r-patched-linux-x86_64, r-patched-solaris-x86, r-release-linux-x86_64, r-release-windows-ix86+x86_64, r-oldrel-windows-ix86+x86_64

Version: 0.1.2
Check: for non-standard things in the check directory
Result: NOTE
    Found the following files/directories:
     'test.csv'
Flavors: r-devel-linux-x86_64-debian-clang, r-devel-linux-x86_64-debian-gcc, r-devel-linux-x86_64-fedora-clang, r-devel-linux-x86_64-fedora-gcc