CRAN Package Check Results for Package zenplots

Last updated on 2019-07-16 00:48:32 CEST.

Flavor Version Tinstall Tcheck Ttotal Status Flags
r-devel-linux-x86_64-debian-clang 0.0-4 10.83 91.02 101.85 OK
r-devel-linux-x86_64-debian-gcc 0.0-4 8.36 72.69 81.05 OK
r-devel-linux-x86_64-fedora-clang 0.0-4 127.06 OK
r-devel-linux-x86_64-fedora-gcc 0.0-4 124.24 OK
r-devel-windows-ix86+x86_64 0.0-4 27.00 152.00 179.00 OK
r-patched-linux-x86_64 0.0-4 10.49 90.04 100.53 OK
r-patched-solaris-x86 0.0-4 184.90 OK
r-release-linux-x86_64 0.0-4 10.30 90.05 100.35 OK
r-release-windows-ix86+x86_64 0.0-4 17.00 213.00 230.00 OK
r-release-osx-x86_64 0.0-4 ERROR
r-oldrel-windows-ix86+x86_64 0.0-4 19.00 152.00 171.00 OK
r-oldrel-osx-x86_64 0.0-4 OK

Check Details

Version: 0.0-4
Check: package dependencies
Result: ERROR
    Packages required but not available: 'graph', 'PairViz'
    
    Package suggested but not available for checking: ‘Rgraphviz’
    
    See section ‘The DESCRIPTION file’ in the ‘Writing R Extensions’
    manual.
Flavor: r-release-osx-x86_64