CRAN Package Check Results for Package zoo

Last updated on 2020-07-11 00:49:05 CEST.

Flavor Version Tinstall Tcheck Ttotal Status Flags
r-devel-linux-x86_64-debian-clang 1.8-8 9.66 71.40 81.06 OK
r-devel-linux-x86_64-debian-gcc 1.8-8 7.06 61.89 68.95 OK
r-devel-linux-x86_64-fedora-clang 1.8-8 112.87 NOTE
r-devel-linux-x86_64-fedora-gcc 1.8-8 105.94 OK
r-devel-windows-ix86+x86_64 1.8-8 18.00 153.00 171.00 OK
r-patched-linux-x86_64 1.8-8 8.35 71.67 80.02 OK
r-patched-solaris-x86 1.8-8 148.50 OK
r-release-linux-x86_64 1.8-8 8.04 72.84 80.88 OK
r-release-osx-x86_64 1.8-8 OK
r-release-windows-ix86+x86_64 1.8-8 26.00 149.00 175.00 OK
r-oldrel-osx-x86_64 1.8-8 OK
r-oldrel-windows-ix86+x86_64 1.8-8 26.00 144.00 170.00 OK

Check Details

Version: 1.8-8
Check: Rd cross-references
Result: NOTE
    Undeclared packages ‘stinepack’, ‘latticeExtra’ in Rd xrefs
Flavor: r-devel-linux-x86_64-fedora-clang