CRAN Package Check Results for Package A3

Last updated on 2024-07-24 00:53:44 CEST.

Flavor Version Tinstall Tcheck Ttotal Status Flags
r-devel-linux-x86_64-debian-clang 1.0.0 2.29 32.24 34.53 OK
r-devel-linux-x86_64-debian-gcc 1.0.0 1.83 24.65 26.48 NOTE
r-devel-linux-x86_64-fedora-clang 1.0.0 44.61 OK
r-devel-linux-x86_64-fedora-gcc 1.0.0 43.53 OK
r-devel-windows-x86_64 1.0.0 3.00 47.00 50.00 NOTE
r-patched-linux-x86_64 1.0.0 4.11 29.51 33.62 OK
r-release-linux-x86_64 1.0.0 2.07 32.91 34.98 OK
r-release-macos-arm64 1.0.0 16.00 OK
r-release-macos-x86_64 1.0.0 25.00 OK
r-release-windows-x86_64 1.0.0 3.00 46.00 49.00 OK
r-oldrel-macos-arm64 1.0.0 15.00 OK
r-oldrel-macos-x86_64 1.0.0 22.00 OK
r-oldrel-windows-x86_64 1.0.0 4.00 49.00 53.00 OK

Check Details

Version: 1.0.0
Check: Rd cross-references
Result: NOTE Found the following Rd file(s) with Rd \link{} targets missing package anchors: xtable.A3.Rd: print.xtable Please provide package anchors for all Rd \link{} targets not in the package itself and the base packages. Flavors: r-devel-linux-x86_64-debian-gcc, r-devel-windows-x86_64