CRAN Package Check Results for Package ADMMsigma

Last updated on 2024-07-24 00:53:44 CEST.

Flavor Version Tinstall Tcheck Ttotal Status Flags
r-devel-linux-x86_64-debian-clang 2.1 71.41 66.17 137.58 NOTE
r-devel-linux-x86_64-debian-gcc 2.1 45.65 49.30 94.95 NOTE
r-devel-linux-x86_64-fedora-clang 2.1 233.06 NOTE
r-devel-linux-x86_64-fedora-gcc 2.1 230.52 NOTE
r-devel-windows-x86_64 2.1 60.00 101.00 161.00 NOTE
r-patched-linux-x86_64 2.1 75.06 61.96 137.02 NOTE
r-release-linux-x86_64 2.1 58.06 65.94 124.00 NOTE
r-release-macos-arm64 2.1 61.00 NOTE
r-release-macos-x86_64 2.1 79.00 NOTE
r-release-windows-x86_64 2.1 72.00 100.00 172.00 NOTE
r-oldrel-macos-arm64 2.1 69.00 NOTE
r-oldrel-macos-x86_64 2.1 114.00 NOTE
r-oldrel-windows-x86_64 2.1 68.00 112.00 180.00 NOTE

Check Details

Version: 2.1
Check: LazyData
Result: NOTE 'LazyData' is specified without a 'data' directory Flavors: r-devel-linux-x86_64-debian-clang, r-devel-linux-x86_64-debian-gcc, r-devel-linux-x86_64-fedora-clang, r-devel-linux-x86_64-fedora-gcc, r-devel-windows-x86_64, r-patched-linux-x86_64, r-release-linux-x86_64, r-release-macos-arm64, r-release-macos-x86_64, r-release-windows-x86_64, r-oldrel-macos-arm64, r-oldrel-macos-x86_64, r-oldrel-windows-x86_64