CRAN Package Check Results for Package ADPclust

Last updated on 2021-10-27 00:50:56 CEST.

Flavor Version Tinstall Tcheck Ttotal Status Flags
r-devel-linux-x86_64-debian-clang 0.7 3.07 62.32 65.39 OK
r-devel-linux-x86_64-debian-gcc 0.7 2.55 43.95 46.50 OK
r-devel-linux-x86_64-fedora-clang 0.7 91.02 NOTE
r-devel-linux-x86_64-fedora-gcc 0.7 80.97 NOTE
r-devel-windows-x86_64 0.7 5.00 106.00 111.00 OK
r-devel-windows-x86_64-gcc10-UCRT 0.7 NOTE
r-patched-linux-x86_64 0.7 3.14 60.82 63.96 OK
r-patched-solaris-x86 0.7 131.30 NOTE
r-release-linux-x86_64 0.7 3.17 62.64 65.81 OK
r-release-macos-arm64 0.7 NOTE
r-release-macos-x86_64 0.7 NOTE
r-release-windows-ix86+x86_64 0.7 6.00 79.00 85.00 OK
r-oldrel-macos-x86_64 0.7 NOTE
r-oldrel-windows-ix86+x86_64 0.7 7.00 90.00 97.00 OK

Check Details

Version: 0.7
Check: dependencies in R code
Result: NOTE
    Namespaces in Imports field not imported from:
     ‘fields’ ‘knitr’
     All declared Imports should be used.
Flavors: r-devel-linux-x86_64-fedora-clang, r-devel-linux-x86_64-fedora-gcc, r-devel-windows-x86_64-gcc10-UCRT, r-patched-solaris-x86, r-release-macos-arm64, r-release-macos-x86_64, r-oldrel-macos-x86_64