CRAN Package Check Results for Package AFM

Last updated on 2021-10-22 00:50:18 CEST.

Flavor Version Tinstall Tcheck Ttotal Status Flags
r-devel-linux-x86_64-debian-clang 2.0 26.25 100.35 126.60 OK
r-devel-linux-x86_64-debian-gcc 2.0 22.81 82.37 105.18 OK
r-devel-linux-x86_64-fedora-clang 2.0 276.78 OK
r-devel-linux-x86_64-fedora-gcc 2.0 262.78 OK
r-devel-windows-x86_64 2.0 45.00 232.00 277.00 OK
r-devel-windows-x86_64-gcc10-UCRT 2.0 ERROR
r-patched-linux-x86_64 2.0 33.15 96.22 129.37 OK
r-patched-solaris-x86 2.0 361.00 OK
r-release-linux-x86_64 2.0 27.28 92.70 119.98 OK
r-release-macos-arm64 2.0 OK
r-release-macos-x86_64 2.0 OK
r-release-windows-ix86+x86_64 2.0 60.00 229.00 289.00 OK
r-oldrel-macos-x86_64 2.0 OK
r-oldrel-windows-ix86+x86_64 2.0 59.00 204.00 263.00 OK

Check Details

Version: 2.0
Check: package dependencies
Result: ERROR
    Package required but not available: 'igraph'
    
    See section 'The DESCRIPTION file' in the 'Writing R Extensions'
    manual.
Flavor: r-devel-windows-x86_64-gcc10-UCRT