CRAN Package Check Results for Package AFR

Last updated on 2023-05-30 00:59:38 CEST.

Flavor Version Tinstall Tcheck Ttotal Status Flags
r-devel-linux-x86_64-debian-clang 0.3.4 10.39 103.87 114.26 OK
r-devel-linux-x86_64-debian-gcc 0.3.4 7.01 78.93 85.94 OK
r-devel-linux-x86_64-fedora-clang 0.3.4 154.48 NOTE
r-devel-linux-x86_64-fedora-gcc 0.3.4 169.55 NOTE
r-devel-windows-x86_64 0.3.4 10.00 112.00 122.00 OK
r-patched-linux-x86_64 0.3.4 10.88 98.55 109.43 OK
r-release-linux-x86_64 0.3.4 8.38 98.68 107.06 OK
r-release-macos-arm64 0.3.4 57.00 OK
r-release-macos-x86_64 0.3.4 83.00 OK
r-release-windows-x86_64 0.3.4 14.00 117.00 131.00 OK
r-oldrel-macos-arm64 0.3.4 48.00 OK
r-oldrel-macos-x86_64 0.3.4 55.00 OK
r-oldrel-windows-x86_64 0.3.4 14.00 121.00 135.00 OK

Check Details

Version: 0.3.4
Check: dependencies in R code
Result: NOTE
    Namespaces in Imports field not imported from:
     ‘mFilter’ ‘regclass’ ‘writexl’
     All declared Imports should be used.
Flavors: r-devel-linux-x86_64-fedora-clang, r-devel-linux-x86_64-fedora-gcc