CRAN Package Check Results for Package AHM

Last updated on 2024-07-24 00:53:44 CEST.

Flavor Version Tinstall Tcheck Ttotal Status Flags
r-devel-linux-x86_64-debian-clang 1.0.1 14.32 116.99 131.31 OK
r-devel-linux-x86_64-debian-gcc 1.0.1 15.41 88.84 104.25 OK
r-devel-linux-x86_64-fedora-clang 1.0.1 174.93 NOTE
r-devel-linux-x86_64-fedora-gcc 1.0.1 183.22 NOTE
r-devel-windows-x86_64 1.0.1 19.00 104.00 123.00 OK
r-patched-linux-x86_64 1.0.1 18.43 112.17 130.60 OK
r-release-linux-x86_64 1.0.1 11.66 119.31 130.97 OK
r-release-macos-arm64 1.0.1 55.00 OK
r-release-macos-x86_64 1.0.1 89.00 OK
r-release-windows-x86_64 1.0.1 17.00 101.00 118.00 OK
r-oldrel-macos-arm64 1.0.1 62.00 OK
r-oldrel-macos-x86_64 1.0.1 96.00 OK
r-oldrel-windows-x86_64 1.0.1 22.00 118.00 140.00 OK

Check Details

Version: 1.0.1
Check: dependencies in R code
Result: NOTE Namespaces in Imports field not imported from: ‘devtools’ ‘mixexp’ All declared Imports should be used. Flavors: r-devel-linux-x86_64-fedora-clang, r-devel-linux-x86_64-fedora-gcc