CRAN Package Check Results for Package AIG

Last updated on 2021-10-20 00:49:31 CEST.

Flavor Version Tinstall Tcheck Ttotal Status Flags
r-devel-linux-x86_64-debian-clang 0.1.9 10.60 53.29 63.89 NOTE
r-devel-linux-x86_64-debian-gcc 0.1.9 9.69 44.34 54.03 NOTE
r-devel-linux-x86_64-fedora-clang 0.1.9 140.11 NOTE
r-devel-linux-x86_64-fedora-gcc 0.1.9 126.55 NOTE
r-devel-windows-x86_64 0.1.9 18.00 119.00 137.00 NOTE
r-devel-windows-x86_64-gcc10-UCRT 0.1.9 NOTE
r-patched-linux-x86_64 0.1.9 10.52 49.46 59.98 NOTE
r-patched-solaris-x86 0.1.9 173.30 NOTE
r-release-linux-x86_64 0.1.9 10.45 49.79 60.24 NOTE
r-release-macos-arm64 0.1.9 NOTE
r-release-macos-x86_64 0.1.9 NOTE
r-release-windows-ix86+x86_64 0.1.9 26.00 116.00 142.00 NOTE
r-oldrel-macos-x86_64 0.1.9 OK
r-oldrel-windows-ix86+x86_64 0.1.9 27.00 10.00 37.00 ERROR

Check Details

Version: 0.1.9
Check: LazyData
Result: NOTE
     'LazyData' is specified without a 'data' directory
Flavors: r-devel-linux-x86_64-debian-clang, r-devel-linux-x86_64-debian-gcc, r-devel-linux-x86_64-fedora-clang, r-devel-linux-x86_64-fedora-gcc, r-devel-windows-x86_64, r-devel-windows-x86_64-gcc10-UCRT, r-patched-linux-x86_64, r-patched-solaris-x86, r-release-linux-x86_64, r-release-macos-arm64, r-release-macos-x86_64, r-release-windows-ix86+x86_64

Version: 0.1.9
Check: for non-standard things in the check directory
Result: NOTE
    Found the following files/directories:
     'ans_19-2.jpg' 'display2d_19-2.jpg' 'dist(3)_19-2.jpg'
     'dist(4)_19-2.jpg' 'dist(mirror)_19-2.jpg' 'dist(mirror2)_19-2.jpg'
Flavors: r-devel-linux-x86_64-debian-clang, r-devel-linux-x86_64-debian-gcc, r-devel-linux-x86_64-fedora-clang, r-devel-linux-x86_64-fedora-gcc, r-patched-linux-x86_64, r-patched-solaris-x86, r-release-linux-x86_64

Version: 0.1.9
Check: whether package can be installed
Result: ERROR
    Installation failed.
Flavor: r-oldrel-windows-ix86+x86_64