CRAN Package Check Results for Package ALSCPC

Last updated on 2024-07-17 00:48:12 CEST.

Flavor Version Tinstall Tcheck Ttotal Status Flags
r-devel-linux-x86_64-debian-clang 1.0 1.57 22.07 23.64 NOTE
r-devel-linux-x86_64-debian-gcc 1.0 1.29 17.24 18.53 NOTE
r-devel-linux-x86_64-fedora-clang 1.0 31.20 NOTE
r-devel-linux-x86_64-fedora-gcc 1.0 30.84 NOTE
r-devel-windows-x86_64 1.0 3.00 36.00 39.00 NOTE
r-patched-linux-x86_64 1.0 2.26 22.57 24.83 NOTE
r-release-linux-x86_64 1.0 2.07 21.65 23.72 NOTE
r-release-macos-arm64 1.0 13.00 NOTE
r-release-macos-x86_64 1.0 19.00 NOTE
r-release-windows-x86_64 1.0 3.00 37.00 40.00 NOTE
r-oldrel-macos-arm64 1.0 16.00 NOTE
r-oldrel-macos-x86_64 1.0 21.00 NOTE
r-oldrel-windows-x86_64 1.0 3.00 36.00 39.00 NOTE

Check Details

Version: 1.0
Check: DESCRIPTION meta-information
Result: NOTE Malformed Title field: should not end in a period. Flavors: r-devel-linux-x86_64-debian-clang, r-devel-linux-x86_64-debian-gcc, r-devel-linux-x86_64-fedora-clang, r-devel-linux-x86_64-fedora-gcc, r-devel-windows-x86_64, r-patched-linux-x86_64, r-release-linux-x86_64, r-release-macos-arm64, r-release-macos-x86_64, r-release-windows-x86_64, r-oldrel-macos-arm64, r-oldrel-macos-x86_64, r-oldrel-windows-x86_64