CRAN Package Check Results for Package AQuadtree

Last updated on 2021-10-24 00:50:50 CEST.

Flavor Version Tinstall Tcheck Ttotal Status Flags
r-devel-linux-x86_64-debian-clang 1.0.2 10.38 133.92 144.30 OK
r-devel-linux-x86_64-debian-gcc 1.0.2 8.70 98.62 107.32 OK
r-devel-linux-x86_64-fedora-clang 1.0.2 180.54 NOTE
r-devel-linux-x86_64-fedora-gcc 1.0.2 165.47 OK
r-devel-windows-x86_64 1.0.2 19.00 183.00 202.00 NOTE
r-devel-windows-x86_64-gcc10-UCRT 1.0.2 OK
r-patched-linux-x86_64 1.0.2 9.74 114.69 124.43 OK
r-patched-solaris-x86 1.0.2 154.70 NOTE
r-release-linux-x86_64 1.0.2 9.66 115.26 124.92 OK
r-release-macos-arm64 1.0.2 NOTE
r-release-macos-x86_64 1.0.2 NOTE
r-release-windows-ix86+x86_64 1.0.2 17.00 137.00 154.00 NOTE
r-oldrel-macos-x86_64 1.0.2 NOTE
r-oldrel-windows-ix86+x86_64 1.0.2 25.00 162.00 187.00 NOTE

Check Details

Version: 1.0.2
Check: installed package size
Result: NOTE
     installed size is 5.1Mb
     sub-directories of 1Mb or more:
     data 3.8Mb
Flavors: r-devel-linux-x86_64-fedora-clang, r-devel-windows-x86_64, r-patched-solaris-x86, r-release-macos-arm64, r-release-macos-x86_64, r-release-windows-ix86+x86_64, r-oldrel-macos-x86_64, r-oldrel-windows-ix86+x86_64