CRAN Package Check Results for Package ASSISTant

Last updated on 2021-10-24 00:50:50 CEST.

Flavor Version Tinstall Tcheck Ttotal Status Flags
r-devel-linux-x86_64-debian-clang 1.4.2 8.76 656.68 665.44 OK
r-devel-linux-x86_64-debian-gcc 1.4.2 7.65 447.31 454.96 OK
r-devel-linux-x86_64-fedora-clang 1.4.2 762.76 OK
r-devel-linux-x86_64-fedora-gcc 1.4.2 754.86 OK
r-devel-windows-x86_64 1.4.2 15.00 761.00 776.00 OK
r-devel-windows-x86_64-gcc10-UCRT 1.4.2 OK
r-patched-linux-x86_64 1.4.2 12.93 613.41 626.34 OK
r-patched-solaris-x86 1.4.2 908.90 NOTE
r-release-linux-x86_64 1.4.2 8.01 618.87 626.88 OK
r-release-macos-arm64 1.4.2 OK
r-release-macos-x86_64 1.4.2 OK
r-release-windows-ix86+x86_64 1.4.2 13.00 745.00 758.00 OK
r-oldrel-macos-x86_64 1.4.2 OK
r-oldrel-windows-ix86+x86_64 1.4.2 19.00 751.00 770.00 OK

Check Details

Version: 1.4.2
Check: installed package size
Result: NOTE
     installed size is 5.4Mb
     sub-directories of 1Mb or more:
     doc 2.4Mb
     full_doc 2.6Mb
Flavor: r-patched-solaris-x86