CRAN Package Check Results for Package AcademicThemes

Last updated on 2024-06-13 00:55:05 CEST.

Flavor Version Tinstall Tcheck Ttotal Status Flags
r-devel-linux-x86_64-debian-clang 0.0.2 2.60 71.30 73.90 OK
r-devel-linux-x86_64-debian-gcc 0.0.2 0.44 1.83 2.27 ERROR
r-devel-linux-x86_64-fedora-clang 0.0.2 91.21 OK
r-devel-linux-x86_64-fedora-gcc 0.0.2 97.38 OK
r-devel-windows-x86_64 0.0.2 3.00 69.00 72.00 OK
r-patched-linux-x86_64 0.0.2 2.31 67.81 70.12 OK
r-release-linux-x86_64 0.0.2 2.11 68.40 70.51 OK
r-release-macos-arm64 0.0.2 36.00 OK
r-release-macos-x86_64 0.0.2 55.00 OK
r-release-windows-x86_64 0.0.2 4.00 75.00 79.00 OK
r-oldrel-macos-arm64 0.0.2 38.00 OK
r-oldrel-macos-x86_64 0.0.2 72.00 OK
r-oldrel-windows-x86_64 0.0.2 4.00 81.00 85.00 OK

Check Details

Version: 0.0.2
Check: package dependencies
Result: ERROR Package required but not available: ‘ggplot2’ Packages suggested but not available for checking: 'testthat', 'tidyverse' See section ‘The DESCRIPTION file’ in the ‘Writing R Extensions’ manual. Flavor: r-devel-linux-x86_64-debian-gcc