CRAN Package Check Results for Package AcousticNDLCodeR

Last updated on 2024-07-24 00:53:44 CEST.

Flavor Version Tinstall Tcheck Ttotal Status Flags
r-devel-linux-x86_64-debian-clang 1.0.2 3.18 41.45 44.63 OK
r-devel-linux-x86_64-debian-gcc 1.0.2 2.50 30.69 33.19 NOTE
r-devel-linux-x86_64-fedora-clang 1.0.2 59.45 OK
r-devel-linux-x86_64-fedora-gcc 1.0.2 56.65 OK
r-devel-windows-x86_64 1.0.2 5.00 51.00 56.00 NOTE
r-patched-linux-x86_64 1.0.2 7.39 39.56 46.95 OK
r-release-linux-x86_64 1.0.2 3.91 40.01 43.92 OK
r-release-macos-arm64 1.0.2 20.00 OK
r-release-macos-x86_64 1.0.2 34.00 OK
r-release-windows-x86_64 1.0.2 5.00 50.00 55.00 OK
r-oldrel-macos-arm64 1.0.2 20.00 OK
r-oldrel-macos-x86_64 1.0.2 30.00 OK
r-oldrel-windows-x86_64 1.0.2 6.00 57.00 63.00 OK

Check Details

Version: 1.0.2
Check: Rd cross-references
Result: NOTE Found the following Rd file(s) with Rd \link{} targets missing package anchors: makeCues.Rd: tuneR Please provide package anchors for all Rd \link{} targets not in the package itself and the base packages. Flavors: r-devel-linux-x86_64-debian-gcc, r-devel-windows-x86_64