CRAN Package Check Results for Package ActCR

Last updated on 2024-07-17 00:48:12 CEST.

Flavor Version Tinstall Tcheck Ttotal Status Flags
r-devel-linux-x86_64-debian-clang 0.3.0 9.10 84.20 93.30 NOTE
r-devel-linux-x86_64-debian-gcc 0.3.0 7.10 62.37 69.47 NOTE
r-devel-linux-x86_64-fedora-clang 0.3.0 117.58 NOTE
r-devel-linux-x86_64-fedora-gcc 0.3.0 109.57 NOTE
r-devel-windows-x86_64 0.3.0 8.00 82.00 90.00 NOTE
r-patched-linux-x86_64 0.3.0 5.88 78.95 84.83 NOTE
r-release-linux-x86_64 0.3.0 6.50 79.95 86.45 NOTE
r-release-macos-arm64 0.3.0 35.00 NOTE
r-release-macos-x86_64 0.3.0 50.00 NOTE
r-release-windows-x86_64 0.3.0 9.00 83.00 92.00 NOTE
r-oldrel-macos-arm64 0.3.0 37.00 NOTE
r-oldrel-macos-x86_64 0.3.0 55.00 NOTE
r-oldrel-windows-x86_64 0.3.0 12.00 102.00 114.00 NOTE

Check Details

Version: 0.3.0
Check: package subdirectories
Result: NOTE Problems with news in ‘NEWS.md’: No news entries found. Flavors: r-devel-linux-x86_64-debian-clang, r-devel-linux-x86_64-debian-gcc, r-devel-linux-x86_64-fedora-clang, r-devel-linux-x86_64-fedora-gcc, r-devel-windows-x86_64, r-patched-linux-x86_64, r-release-linux-x86_64, r-release-macos-arm64, r-release-macos-x86_64, r-release-windows-x86_64, r-oldrel-macos-arm64, r-oldrel-macos-x86_64, r-oldrel-windows-x86_64