CRAN Package Check Results for Package AggregateR

Last updated on 2021-10-25 00:49:03 CEST.

Flavor Version Tinstall Tcheck Ttotal Status Flags
r-devel-linux-x86_64-debian-clang 0.1.1 4.03 37.25 41.28 NOTE
r-devel-linux-x86_64-debian-gcc 0.1.1 3.09 27.91 31.00 NOTE
r-devel-linux-x86_64-fedora-clang 0.1.1 59.93 NOTE
r-devel-linux-x86_64-fedora-gcc 0.1.1 47.67 NOTE
r-devel-windows-x86_64 0.1.1 7.00 61.00 68.00 NOTE
r-devel-windows-x86_64-gcc10-UCRT 0.1.1 NOTE
r-patched-linux-x86_64 0.1.1 3.65 35.77 39.42 NOTE
r-patched-solaris-x86 0.1.1 71.40 NOTE
r-release-linux-x86_64 0.1.1 3.46 36.42 39.88 NOTE
r-release-macos-arm64 0.1.1 NOTE
r-release-macos-x86_64 0.1.1 NOTE
r-release-windows-ix86+x86_64 0.1.1 5.00 54.00 59.00 NOTE
r-oldrel-macos-x86_64 0.1.1 OK
r-oldrel-windows-ix86+x86_64 0.1.1 9.00 46.00 55.00 OK

Check Details

Version: 0.1.1
Check: LazyData
Result: NOTE
     'LazyData' is specified without a 'data' directory
Flavors: r-devel-linux-x86_64-debian-clang, r-devel-linux-x86_64-debian-gcc, r-devel-linux-x86_64-fedora-clang, r-devel-linux-x86_64-fedora-gcc, r-devel-windows-x86_64, r-devel-windows-x86_64-gcc10-UCRT, r-patched-linux-x86_64, r-patched-solaris-x86, r-release-linux-x86_64, r-release-macos-arm64, r-release-macos-x86_64, r-release-windows-ix86+x86_64