CRAN Package Check Results for Package AhoCorasickTrie

Last updated on 2024-02-23 00:59:22 CET.

Flavor Version Tinstall Tcheck Ttotal Status Flags
r-devel-linux-x86_64-debian-clang 0.1.2 NOTE
r-devel-linux-x86_64-debian-gcc 0.1.2 17.71 32.57 50.28 NOTE
r-devel-linux-x86_64-fedora-clang 0.1.2 93.78 NOTE
r-devel-linux-x86_64-fedora-gcc 0.1.2 100.38 NOTE
r-devel-windows-x86_64 0.1.2 20.00 77.00 97.00 NOTE
r-patched-linux-x86_64 0.1.2 24.36 42.42 66.78 NOTE
r-release-linux-x86_64 0.1.2 23.48 41.83 65.31 NOTE
r-release-macos-arm64 0.1.2 32.00 NOTE
r-release-macos-x86_64 0.1.2 51.00 NOTE
r-release-windows-x86_64 0.1.2 22.00 82.00 104.00 NOTE
r-oldrel-macos-arm64 0.1.2 33.00 NOTE
r-oldrel-windows-x86_64 0.1.2 24.00 84.00 108.00 NOTE

Check Details

Version: 0.1.2
Check: C++ specification
Result: NOTE Specified C++11: please drop specification unless essential Flavors: r-devel-linux-x86_64-debian-clang, r-devel-linux-x86_64-debian-gcc, r-devel-linux-x86_64-fedora-clang, r-devel-linux-x86_64-fedora-gcc, r-devel-windows-x86_64, r-patched-linux-x86_64, r-release-linux-x86_64, r-release-macos-arm64, r-release-macos-x86_64, r-release-windows-x86_64

Version: 0.1.2
Check: LazyData
Result: NOTE 'LazyData' is specified without a 'data' directory Flavors: r-devel-linux-x86_64-debian-clang, r-devel-linux-x86_64-debian-gcc, r-devel-linux-x86_64-fedora-clang, r-devel-linux-x86_64-fedora-gcc, r-devel-windows-x86_64, r-patched-linux-x86_64, r-release-linux-x86_64, r-release-macos-arm64, r-release-macos-x86_64, r-release-windows-x86_64, r-oldrel-macos-arm64, r-oldrel-windows-x86_64