Last updated on 2023-06-05 00:55:17 CEST.
Flavor | Version | Tinstall | Tcheck | Ttotal | Status | Flags |
---|---|---|---|---|---|---|
r-devel-linux-x86_64-debian-clang | 0.3.11 | 8.77 | 85.72 | 94.49 | OK | |
r-devel-linux-x86_64-debian-gcc | 0.3.11 | 7.29 | 64.98 | 72.27 | OK | |
r-devel-linux-x86_64-fedora-clang | 0.3.11 | 116.77 | NOTE | |||
r-devel-linux-x86_64-fedora-gcc | 0.3.11 | 139.20 | NOTE | |||
r-devel-windows-x86_64 | 0.3.11 | 10.00 | 108.00 | 118.00 | OK | |
r-patched-linux-x86_64 | 0.3.11 | 9.31 | 79.93 | 89.24 | OK | |
r-release-linux-x86_64 | 0.3.11 | 9.62 | 80.52 | 90.14 | OK | |
r-release-macos-arm64 | 0.3.11 | 41.00 | OK | |||
r-release-macos-x86_64 | 0.3.9 | 73.00 | OK | |||
r-release-windows-x86_64 | 0.3.11 | 13.00 | 122.00 | 135.00 | OK | |
r-oldrel-macos-arm64 | 0.3.11 | 36.00 | OK | |||
r-oldrel-macos-x86_64 | 0.3.11 | 53.00 | OK | |||
r-oldrel-windows-x86_64 | 0.3.11 | 13.00 | 109.00 | 122.00 | OK |
Version: 0.3.11
Check: data for non-ASCII characters
Result: NOTE
Note: found 1 marked UTF-8 string
Flavors: r-devel-linux-x86_64-fedora-clang, r-devel-linux-x86_64-fedora-gcc