CRAN Package Check Results for Package AirSensor

Last updated on 2021-10-23 00:48:46 CEST.

Flavor Version Tinstall Tcheck Ttotal Status Flags
r-devel-linux-x86_64-debian-clang 1.0.8 15.68 164.61 180.29 OK
r-devel-linux-x86_64-debian-gcc 1.0.8 12.54 124.77 137.31 OK
r-devel-linux-x86_64-fedora-clang 1.0.8 222.58 NOTE
r-devel-linux-x86_64-fedora-gcc 1.0.8 210.96 NOTE
r-devel-windows-x86_64 1.0.8 24.00 247.00 271.00 OK
r-devel-windows-x86_64-gcc10-UCRT 1.0.8 NOTE
r-patched-linux-x86_64 1.0.8 17.39 158.77 176.16 OK
r-patched-solaris-x86 1.0.8 6.30 ERROR
r-release-linux-x86_64 1.0.8 13.39 157.80 171.19 OK
r-release-macos-arm64 1.0.8 NOTE
r-release-macos-x86_64 1.0.8 NOTE
r-release-windows-ix86+x86_64 1.0.8 22.00 205.00 227.00 OK
r-oldrel-macos-x86_64 1.0.8 NOTE
r-oldrel-windows-ix86+x86_64 1.0.8 33.00 225.00 258.00 OK

Check Details

Version: 1.0.8
Check: package dependencies
Result: NOTE
    Imports includes 34 non-default packages.
    Importing from so many packages makes the package vulnerable to any of
    them becoming unavailable. Move as many as possible to Suggests and
    use conditionally.
Flavor: r-devel-linux-x86_64-fedora-clang

Version: 1.0.8
Check: data for non-ASCII characters
Result: NOTE
     Note: found 90 marked UTF-8 strings
Flavors: r-devel-linux-x86_64-fedora-clang, r-devel-linux-x86_64-fedora-gcc, r-devel-windows-x86_64-gcc10-UCRT, r-release-macos-arm64, r-release-macos-x86_64, r-oldrel-macos-x86_64

Version: 1.0.8
Check: package dependencies
Result: ERROR
    Packages required but not available:
     'MazamaLocationUtils', 'MazamaSpatialUtils', 'PWFSLSmoke'
    
    See section ‘The DESCRIPTION file’ in the ‘Writing R Extensions’
    manual.
Flavor: r-patched-solaris-x86