CRAN Package Check Results for Package AlgebraicHaploPackage

Last updated on 2024-07-14 00:55:17 CEST.

Flavor Version Tinstall Tcheck Ttotal Status Flags
r-devel-linux-x86_64-debian-clang 1.2 2.81 30.81 33.62 NOTE
r-devel-linux-x86_64-debian-gcc 1.2 1.74 23.59 25.33 NOTE
r-devel-linux-x86_64-fedora-clang 1.2 42.35 NOTE
r-devel-linux-x86_64-fedora-gcc 1.2 53.87 NOTE
r-devel-windows-x86_64 1.2 4.00 65.00 69.00 NOTE
r-patched-linux-x86_64 1.2 2.24 29.56 31.80 NOTE
r-release-linux-x86_64 1.2 2.63 29.01 31.64 NOTE
r-release-macos-arm64 1.2 23.00 NOTE
r-release-macos-x86_64 1.2 56.00 NOTE
r-release-windows-x86_64 1.2 3.00 63.00 66.00 NOTE
r-oldrel-macos-arm64 1.2 23.00 NOTE
r-oldrel-macos-x86_64 1.2 48.00 NOTE
r-oldrel-windows-x86_64 1.2 4.00 57.00 61.00 NOTE

Check Details

Version: 1.2
Check: Rd files
Result: NOTE checkRd: (-1) optimalfrequency.Rd:29: Escaped LaTeX specials: \$ checkRd: (-1) optimalfrequency.Rd:30: Escaped LaTeX specials: \$ checkRd: (-1) optimalfrequency.Rd:31: Escaped LaTeX specials: \$ Flavors: r-devel-linux-x86_64-debian-clang, r-devel-linux-x86_64-debian-gcc, r-devel-linux-x86_64-fedora-clang, r-devel-linux-x86_64-fedora-gcc, r-devel-windows-x86_64, r-patched-linux-x86_64, r-release-linux-x86_64, r-release-macos-arm64, r-release-macos-x86_64, r-release-windows-x86_64, r-oldrel-macos-arm64, r-oldrel-macos-x86_64, r-oldrel-windows-x86_64