CRAN Package Check Results for Package AmpliconDuo

Last updated on 2024-07-17 00:48:12 CEST.

Flavor Version Tinstall Tcheck Ttotal Status Flags
r-devel-linux-x86_64-debian-clang 1.1.1 3.99 92.97 96.96 NOTE
r-devel-linux-x86_64-debian-gcc 1.1.1 4.68 69.57 74.25 NOTE
r-devel-linux-x86_64-fedora-clang 1.1.1 126.60 NOTE
r-devel-linux-x86_64-fedora-gcc 1.1.1 123.15 NOTE
r-devel-windows-x86_64 1.1.1 7.00 97.00 104.00 NOTE
r-patched-linux-x86_64 1.1.1 6.56 92.39 98.95 NOTE
r-release-linux-x86_64 1.1.1 4.49 92.19 96.68 NOTE
r-release-macos-arm64 1.1.1 39.00 NOTE
r-release-macos-x86_64 1.1.1 57.00 NOTE
r-release-windows-x86_64 1.1.1 7.00 96.00 103.00 NOTE
r-oldrel-macos-arm64 1.1.1 39.00 OK
r-oldrel-macos-x86_64 1.1.1 63.00 OK
r-oldrel-windows-x86_64 1.1.1 9.00 114.00 123.00 OK

Check Details

Version: 1.1.1
Check: Rd files
Result: NOTE checkRd: (-1) AmpliconDuo-package.Rd:37-39: Lost braces in \itemize; meant \describe ? checkRd: (-1) AmpliconDuo-package.Rd:40-42: Lost braces in \itemize; meant \describe ? checkRd: (-1) AmpliconDuo-package.Rd:43-46: Lost braces in \itemize; meant \describe ? checkRd: (-1) AmpliconDuo-package.Rd:47-49: Lost braces in \itemize; meant \describe ? checkRd: (-1) AmpliconDuo-package.Rd:50-52: Lost braces in \itemize; meant \describe ? checkRd: (-1) AmpliconDuo-package.Rd:53-55: Lost braces in \itemize; meant \describe ? checkRd: (-1) AmpliconDuo-package.Rd:56-58: Lost braces in \itemize; meant \describe ? Flavors: r-devel-linux-x86_64-debian-clang, r-devel-linux-x86_64-debian-gcc, r-devel-linux-x86_64-fedora-clang, r-devel-linux-x86_64-fedora-gcc, r-devel-windows-x86_64, r-patched-linux-x86_64, r-release-linux-x86_64, r-release-macos-arm64, r-release-macos-x86_64, r-release-windows-x86_64