CRAN Package Check Results for Package Andromeda

Last updated on 2024-06-14 00:53:34 CEST.

Flavor Version Tinstall Tcheck Ttotal Status Flags
r-devel-linux-x86_64-debian-clang 0.6.6 7.91 89.17 97.08 OK
r-devel-linux-x86_64-debian-gcc 0.6.6 0.41 1.70 2.11 ERROR
r-devel-linux-x86_64-fedora-clang 0.6.6 132.07 OK
r-devel-linux-x86_64-fedora-gcc 0.6.6 128.40 OK
r-devel-windows-x86_64 0.6.6 8.00 95.00 103.00 OK
r-patched-linux-x86_64 0.6.6 12.80 85.78 98.58 OK
r-release-linux-x86_64 0.6.6 6.25 83.20 89.45 OK
r-release-macos-arm64 0.6.6 45.00 OK
r-release-macos-x86_64 0.6.6 68.00 OK
r-release-windows-x86_64 0.6.6 7.00 112.00 119.00 OK
r-oldrel-macos-arm64 0.6.6 50.00 OK
r-oldrel-macos-x86_64 0.6.6 119.00 OK
r-oldrel-windows-x86_64 0.6.6 10.00 107.00 117.00 OK

Check Details

Version: 0.6.6
Check: package dependencies
Result: ERROR Packages required but not available: 'dplyr', 'RSQLite', 'dbplyr', 'tidyselect', 'pillar', 'hms' Packages suggested but not available for checking: 'testthat', 'stringr', 'tibble', 'arrow' See section ‘The DESCRIPTION file’ in the ‘Writing R Extensions’ manual. Flavor: r-devel-linux-x86_64-debian-gcc