CRAN Package Check Results for Package AnnuityRIR

Last updated on 2024-03-05 00:51:31 CET.

Flavor Version Tinstall Tcheck Ttotal Status Flags
r-devel-linux-x86_64-debian-clang 1.0-0 11.79 121.95 133.74 NOTE
r-devel-linux-x86_64-debian-gcc 1.0-0 11.93 92.31 104.24 NOTE
r-devel-linux-x86_64-fedora-clang 1.0-0 166.74 NOTE
r-devel-linux-x86_64-fedora-gcc 1.0-0 161.92 NOTE
r-devel-windows-x86_64 1.0-0 13.00 113.00 126.00 NOTE
r-patched-linux-x86_64 1.0-0 15.32 118.57 133.89 NOTE
r-release-linux-x86_64 1.0-0 13.56 117.96 131.52 NOTE
r-release-macos-arm64 1.0-0 42.00 NOTE
r-release-macos-x86_64 1.0-0 65.00 NOTE
r-release-windows-x86_64 1.0-0 18.00 137.00 155.00 NOTE
r-oldrel-macos-arm64 1.0-0 39.00 OK
r-oldrel-windows-x86_64 1.0-0 18.00 144.00 162.00 OK

Check Details

Version: 1.0-0
Check: Rd files
Result: NOTE checkRd: (-1) PV_post_triang_3.Rd:7: Escaped LaTeX specials: \_ \_ checkRd: (-1) PV_post_triang_3.Rd:22: Escaped LaTeX specials: \_ \_ checkRd: (-1) PV_pre_triang_3.Rd:7: Escaped LaTeX specials: \_ \_ checkRd: (-1) PV_pre_triang_3.Rd:22: Escaped LaTeX specials: \_ \_ Flavors: r-devel-linux-x86_64-debian-clang, r-devel-linux-x86_64-debian-gcc, r-devel-linux-x86_64-fedora-clang, r-devel-linux-x86_64-fedora-gcc, r-devel-windows-x86_64, r-patched-linux-x86_64, r-release-linux-x86_64, r-release-macos-arm64, r-release-macos-x86_64, r-release-windows-x86_64