CRAN Package Check Results for Package AzureKeyVault

Last updated on 2021-09-17 00:49:29 CEST.

Flavor Version Tinstall Tcheck Ttotal Status Flags
r-devel-linux-x86_64-debian-clang 1.0.4 10.35 30.73 41.08 OK
r-devel-linux-x86_64-debian-gcc 1.0.4 7.72 24.16 31.88 OK
r-devel-linux-x86_64-fedora-clang 1.0.5 59.18 NOTE
r-devel-linux-x86_64-fedora-gcc 1.0.5 49.24 NOTE
r-devel-windows-x86_64 1.0.4 14.00 44.00 58.00 OK
r-devel-windows-x86_64-gcc10-UCRT 1.0.4 NOTE
r-patched-linux-x86_64 1.0.4 16.61 30.53 47.14 OK
r-patched-solaris-x86 1.0.5 69.70 NOTE
r-release-linux-x86_64 1.0.4 10.61 29.39 40.00 OK
r-release-macos-arm64 1.0.4 NOTE
r-release-macos-x86_64 1.0.4 NOTE
r-release-windows-ix86+x86_64 1.0.4 18.00 48.00 66.00 OK
r-oldrel-macos-x86_64 1.0.4 NOTE
r-oldrel-windows-ix86+x86_64 1.0.4 12.00 43.00 55.00 OK

Check Details

Version: 1.0.5
Check: dependencies in R code
Result: NOTE
    Namespaces in Imports field not imported from:
     ‘R6’ ‘jose’ ‘openssl’
     All declared Imports should be used.
Flavors: r-devel-linux-x86_64-fedora-clang, r-devel-linux-x86_64-fedora-gcc, r-patched-solaris-x86

Version: 1.0.4
Check: dependencies in R code
Result: NOTE
    Namespaces in Imports field not imported from:
     'R6' 'jose' 'openssl'
     All declared Imports should be used.
Flavors: r-devel-windows-x86_64-gcc10-UCRT, r-release-macos-arm64, r-release-macos-x86_64, r-oldrel-macos-x86_64