CRAN Package Check Results for Package BAMBI

Last updated on 2021-10-23 00:48:47 CEST.

Flavor Version Tinstall Tcheck Ttotal Status Flags
r-devel-linux-x86_64-debian-clang 2.3.3 108.86 134.23 243.09 OK
r-devel-linux-x86_64-debian-gcc 2.3.3 80.32 100.75 181.07 OK
r-devel-linux-x86_64-fedora-clang 2.3.3 340.51 NOTE
r-devel-linux-x86_64-fedora-gcc 2.3.3 311.24 NOTE
r-devel-windows-x86_64 2.3.3 145.00 135.00 280.00 OK
r-devel-windows-x86_64-gcc10-UCRT 2.3.3 NOTE
r-patched-linux-x86_64 2.3.3 102.58 128.73 231.31 OK
r-patched-solaris-x86 2.3.3 311.20 NOTE
r-release-linux-x86_64 2.3.3 99.34 127.79 227.13 OK
r-release-macos-arm64 2.3.3 NOTE
r-release-macos-x86_64 2.3.3 NOTE
r-release-windows-ix86+x86_64 2.3.3 210.00 236.00 446.00 OK
r-oldrel-macos-x86_64 2.3.3 NOTE
r-oldrel-windows-ix86+x86_64 2.3.3 270.00 237.00 507.00 OK

Check Details

Version: 2.3.3
Check: dependencies in R code
Result: NOTE
    Namespace in Imports field not imported from: ‘stats4’
     All declared Imports should be used.
Flavors: r-devel-linux-x86_64-fedora-clang, r-devel-linux-x86_64-fedora-gcc, r-devel-windows-x86_64-gcc10-UCRT, r-patched-solaris-x86, r-release-macos-arm64, r-release-macos-x86_64, r-oldrel-macos-x86_64

Version: 2.3.3
Check: installed package size
Result: NOTE
     installed size is 5.7Mb
     sub-directories of 1Mb or more:
     libs 5.1Mb
Flavor: r-release-macos-arm64