Last updated on 2023-09-24 23:59:44 CEST.
Flavor | Version | Tinstall | Tcheck | Ttotal | Status | Flags |
---|---|---|---|---|---|---|
r-devel-linux-x86_64-debian-clang | 1.0.1 | 118.40 | 258.59 | 376.99 | OK | |
r-devel-linux-x86_64-debian-gcc | 1.0.1 | 75.85 | 184.04 | 259.89 | OK | |
r-devel-linux-x86_64-fedora-clang | 1.0.1 | 488.12 | NOTE | |||
r-devel-linux-x86_64-fedora-gcc | 1.0.1 | 478.27 | OK | |||
r-devel-windows-x86_64 | 1.0.1 | 79.00 | 217.00 | 296.00 | NOTE | |
r-patched-linux-x86_64 | 1.0.1 | 85.49 | 237.85 | 323.34 | OK | |
r-release-linux-x86_64 | 1.0.1 | 84.14 | 236.09 | 320.23 | OK | |
r-release-macos-arm64 | 1.0.1 | 7.00 | ERROR | |||
r-release-macos-x86_64 | 1.0.1 | 8.00 | ERROR | |||
r-release-windows-x86_64 | 1.0.1 | 104.00 | 258.00 | 362.00 | NOTE | |
r-oldrel-macos-arm64 | 1.0.1 | 9.00 | ERROR | |||
r-oldrel-macos-x86_64 | 1.0.1 | 13.00 | ERROR | |||
r-oldrel-windows-x86_64 | 1.0.1 | 96.00 | 255.00 | 351.00 | NOTE |
Version: 1.0.1
Check: installed package size
Result: NOTE
installed size is 5.2Mb
sub-directories of 1Mb or more:
doc 1.2Mb
extdata 3.3Mb
Flavors: r-devel-linux-x86_64-fedora-clang, r-devel-windows-x86_64, r-release-windows-x86_64, r-oldrel-windows-x86_64
Version: 1.0.1
Check: package dependencies
Result: ERROR
Package required but not available: ‘mixAK’
See section ‘The DESCRIPTION file’ in the ‘Writing R Extensions’
manual.
Flavors: r-release-macos-arm64, r-release-macos-x86_64, r-oldrel-macos-arm64, r-oldrel-macos-x86_64