CRAN Package Check Results for Package BFS

Last updated on 2023-10-03 01:04:46 CEST.

Flavor Version Tinstall Tcheck Ttotal Status Flags
r-devel-linux-x86_64-debian-clang 0.5.5 11.20 86.70 97.90 OK
r-devel-linux-x86_64-debian-gcc 0.5.5 7.37 64.18 71.55 OK
r-devel-linux-x86_64-fedora-clang 0.5.5 119.81 NOTE
r-devel-linux-x86_64-fedora-gcc 0.5.5 112.47 NOTE
r-devel-windows-x86_64 0.5.5 10.00 86.00 96.00 OK
r-patched-linux-x86_64 0.5.5 9.14 80.72 89.86 OK
r-release-linux-x86_64 0.5.5 10.59 81.88 92.47 OK
r-release-macos-arm64 0.5.5 95.00 OK
r-release-macos-x86_64 0.5.5 202.00 OK
r-release-windows-x86_64 0.5.5 13.00 99.00 112.00 OK
r-oldrel-macos-arm64 0.5.5 132.00 OK
r-oldrel-macos-x86_64 0.5.5 171.00 OK
r-oldrel-windows-x86_64 0.5.5 14.00 128.00 142.00 OK

Check Details

Version: 0.5.5
Check: data for non-ASCII characters
Result: NOTE
     Note: found 1227 marked UTF-8 strings
Flavors: r-devel-linux-x86_64-fedora-clang, r-devel-linux-x86_64-fedora-gcc