CRAN Package Check Results for Package BHH2

Last updated on 2021-10-28 00:48:38 CEST.

Flavor Version Tinstall Tcheck Ttotal Status Flags
r-devel-linux-x86_64-debian-clang 2016.05.31 2.85 33.77 36.62 OK
r-devel-linux-x86_64-debian-gcc 2016.05.31 2.18 26.58 28.76 OK
r-devel-linux-x86_64-fedora-clang 2016.05.31 58.12 NOTE
r-devel-linux-x86_64-fedora-gcc 2016.05.31 45.75 OK
r-devel-windows-x86_64 2016.05.31 5.00 56.00 61.00 OK
r-devel-windows-x86_64-gcc10-UCRT 2016.05.31 OK
r-patched-linux-x86_64 2016.05.31 3.28 32.95 36.23 OK
r-patched-solaris-x86 2016.05.31 66.90 OK
r-release-linux-x86_64 2016.05.31 2.82 32.94 35.76 OK
r-release-macos-arm64 2016.05.31 OK
r-release-macos-x86_64 2016.05.31 OK
r-release-windows-ix86+x86_64 2016.05.31 4.00 49.00 53.00 OK
r-oldrel-macos-x86_64 2016.05.31 OK
r-oldrel-windows-ix86+x86_64 2016.05.31 5.00 57.00 62.00 OK

Check Details

Version: 2016.05.31
Check: Rd cross-references
Result: NOTE
    Undeclared package ‘conf.design’ in Rd xrefs
Flavor: r-devel-linux-x86_64-fedora-clang