CRAN Package Check Results for Package BHSBVAR

Last updated on 2024-06-25 00:57:53 CEST.

Flavor Version Tinstall Tcheck Ttotal Status Flags
r-devel-linux-x86_64-debian-clang 3.1.1 52.21 68.38 120.59 NOTE
r-devel-linux-x86_64-debian-gcc 3.1.1 41.56 49.48 91.04 NOTE
r-devel-linux-x86_64-fedora-clang 3.1.1 163.58 NOTE
r-devel-linux-x86_64-fedora-gcc 3.1.1 182.42 NOTE
r-devel-windows-x86_64 3.1.1 43.00 115.00 158.00 NOTE
r-patched-linux-x86_64 3.1.1 47.38 62.73 110.11 NOTE
r-release-linux-x86_64 3.1.1 46.29 64.48 110.77 NOTE
r-release-macos-arm64 3.1.1 57.00 NOTE
r-release-macos-x86_64 3.1.1 136.00 NOTE
r-release-windows-x86_64 3.1.1 44.00 116.00 160.00 NOTE
r-oldrel-macos-arm64 3.1.1 67.00 NOTE
r-oldrel-macos-x86_64 3.1.1 103.00 NOTE
r-oldrel-windows-x86_64 3.1.1 54.00 123.00 177.00 NOTE

Check Details

Version: 3.1.1
Check: C++ specification
Result: NOTE Specified C++11: please drop specification unless essential Flavors: r-devel-linux-x86_64-debian-clang, r-devel-linux-x86_64-debian-gcc, r-devel-linux-x86_64-fedora-clang, r-devel-linux-x86_64-fedora-gcc, r-devel-windows-x86_64, r-patched-linux-x86_64, r-release-linux-x86_64, r-release-macos-arm64, r-release-macos-x86_64, r-release-windows-x86_64, r-oldrel-macos-arm64, r-oldrel-macos-x86_64, r-oldrel-windows-x86_64

Version: 3.1.1
Check: installed package size
Result: NOTE installed size is 5.2Mb sub-directories of 1Mb or more: libs 4.5Mb Flavors: r-release-macos-arm64, r-release-macos-x86_64, r-oldrel-macos-arm64, r-oldrel-macos-x86_64