CRAN Package Check Results for Package BIEN

Last updated on 2021-10-16 00:49:08 CEST.

Flavor Version Tinstall Tcheck Ttotal Status Flags
r-devel-linux-x86_64-debian-clang 1.2.4 30.08 242.99 273.07 NOTE --no-examples --no-tests --no-vignettes
r-devel-linux-x86_64-debian-gcc 1.2.4 23.19 181.24 204.43 NOTE --no-examples --no-tests --no-vignettes
r-devel-linux-x86_64-fedora-clang 1.2.4 207.35 NOTE
r-devel-linux-x86_64-fedora-gcc 1.2.4 192.42 NOTE
r-devel-windows-x86_64 1.2.4 24.00 117.00 141.00 NOTE --no-examples --no-tests --no-vignettes
r-devel-windows-x86_64-gcc10-UCRT 1.2.4 NOTE
r-patched-linux-x86_64 1.2.4 28.64 234.48 263.12 NOTE --no-examples --no-tests --no-vignettes
r-patched-solaris-x86 1.2.4 250.90 NOTE --no-tests --no-vignettes
r-release-linux-x86_64 1.2.4 28.14 234.24 262.38 NOTE --no-examples --no-tests --no-vignettes
r-release-macos-arm64 1.2.4 NOTE
r-release-macos-x86_64 1.2.4 NOTE
r-release-windows-ix86+x86_64 1.2.4 36.00 147.00 183.00 NOTE --no-examples --no-tests --no-vignettes
r-oldrel-macos-x86_64 1.2.4 OK
r-oldrel-windows-ix86+x86_64 1.2.4 36.00 148.00 184.00 OK --no-examples --no-tests --no-vignettes

Check Details

Version: 1.2.4
Flags: --no-examples --no-tests --no-vignettes
Check: LazyData
Result: NOTE
     'LazyData' is specified without a 'data' directory
Flavors: r-devel-linux-x86_64-debian-clang, r-devel-linux-x86_64-debian-gcc, r-devel-windows-x86_64, r-patched-linux-x86_64, r-release-linux-x86_64, r-release-windows-ix86+x86_64

Version: 1.2.4
Check: LazyData
Result: NOTE
     'LazyData' is specified without a 'data' directory
Flavors: r-devel-linux-x86_64-fedora-clang, r-devel-linux-x86_64-fedora-gcc, r-devel-windows-x86_64-gcc10-UCRT, r-release-macos-arm64, r-release-macos-x86_64

Version: 1.2.4
Flags: --no-tests --no-vignettes
Check: LazyData
Result: NOTE
     'LazyData' is specified without a 'data' directory
Flavor: r-patched-solaris-x86