Last updated on 2023-09-29 00:56:43 CEST.
Flavor | Version | Tinstall | Tcheck | Ttotal | Status | Flags |
---|---|---|---|---|---|---|
r-devel-linux-x86_64-debian-clang | 3.2.5 | 56.66 | 140.93 | 197.59 | OK | |
r-devel-linux-x86_64-debian-gcc | 3.2.5 | 38.56 | 104.57 | 143.13 | OK | |
r-devel-linux-x86_64-fedora-clang | 3.2.5 | 260.24 | OK | |||
r-devel-linux-x86_64-fedora-gcc | 3.2.5 | 251.55 | OK | |||
r-devel-windows-x86_64 | 3.2.5 | 48.00 | 141.00 | 189.00 | NOTE | |
r-patched-linux-x86_64 | 3.2.5 | 57.56 | 132.59 | 190.15 | OK | |
r-release-linux-x86_64 | 3.2.5 | 53.67 | 135.12 | 188.79 | OK | |
r-release-macos-arm64 | 3.2.5 | 70.00 | OK | |||
r-release-macos-x86_64 | 3.2.5 | 117.00 | OK | |||
r-release-windows-x86_64 | 3.2.5 | 61.00 | 174.00 | 235.00 | NOTE | |
r-oldrel-macos-arm64 | 3.2.5 | 66.00 | OK | |||
r-oldrel-macos-x86_64 | 3.2.5 | 92.00 | OK | |||
r-oldrel-windows-x86_64 | 3.2.5 | 60.00 | 157.00 | 217.00 | OK |
Version: 3.2.5
Check: C++ specification
Result: NOTE
Specified C++11: please drop specification unless essential
Flavors: r-devel-windows-x86_64, r-release-windows-x86_64