Last updated on 2023-01-30 00:31:06 CET.
Flavor | Version | Tinstall | Tcheck | Ttotal | Status | Flags |
---|---|---|---|---|---|---|
r-devel-linux-x86_64-debian-clang | 1.0.5 | 50.88 | 170.75 | 221.63 | NOTE | |
r-devel-linux-x86_64-debian-gcc | 1.0.5 | 40.79 | 125.62 | 166.41 | NOTE | |
r-devel-linux-x86_64-fedora-clang | 1.0.5 | 296.08 | NOTE | |||
r-devel-linux-x86_64-fedora-gcc | 1.0.5 | 285.65 | NOTE | |||
r-devel-windows-x86_64 | 1.0.5 | 71.00 | 212.00 | 283.00 | NOTE | |
r-patched-linux-x86_64 | 1.0.5 | 43.03 | 161.36 | 204.39 | NOTE | |
r-release-linux-x86_64 | 1.0.5 | 43.23 | 165.51 | 208.74 | NOTE | |
r-release-macos-arm64 | 1.0.5 | 73.00 | NOTE | |||
r-release-macos-x86_64 | 1.0.5 | 101.00 | NOTE | |||
r-release-windows-x86_64 | 1.0.5 | 50.00 | 210.00 | 260.00 | NOTE | |
r-oldrel-macos-arm64 | 1.0.5 | 73.00 | NOTE | |||
r-oldrel-macos-x86_64 | 1.0.5 | 106.00 | NOTE | |||
r-oldrel-windows-ix86+x86_64 | 1.0.5 | 121.00 | 251.00 | 372.00 | NOTE |
Version: 1.0.5
Check: for GNU extensions in Makefiles
Result: NOTE
GNU make is a SystemRequirements.
Flavors: r-devel-linux-x86_64-debian-clang, r-devel-linux-x86_64-debian-gcc, r-devel-linux-x86_64-fedora-clang, r-devel-linux-x86_64-fedora-gcc, r-devel-windows-x86_64, r-patched-linux-x86_64, r-release-linux-x86_64, r-release-macos-arm64, r-release-macos-x86_64, r-release-windows-x86_64, r-oldrel-macos-arm64, r-oldrel-macos-x86_64, r-oldrel-windows-ix86+x86_64
Version: 1.0.5
Check: C++ specification
Result: NOTE
Specified C++11: please update to current default of C++17
Flavors: r-devel-linux-x86_64-debian-gcc, r-devel-linux-x86_64-fedora-gcc, r-devel-windows-x86_64