CRAN Package Check Results for Package BTSPAS

Last updated on 2021-10-23 00:48:48 CEST.

Flavor Version Tinstall Tcheck Ttotal Status Flags
r-devel-linux-x86_64-debian-clang 2021.11.1 13.55 95.39 108.94 OK
r-devel-linux-x86_64-debian-gcc 2021.11.1 8.40 70.58 78.98 OK
r-devel-linux-x86_64-fedora-clang 2021.11.1 136.87 NOTE
r-devel-linux-x86_64-fedora-gcc 2021.11.1 121.49 OK
r-devel-windows-x86_64 2021.11.1 18.00 117.00 135.00 NOTE
r-devel-windows-x86_64-gcc10-UCRT 2021.11.1 OK
r-patched-linux-x86_64 2021.11.1 12.87 92.71 105.58 OK
r-patched-solaris-x86 2021.11.1 179.50 NOTE
r-release-linux-x86_64 2021.11.1 8.09 92.89 100.98 OK
r-release-macos-arm64 2021.1.1 NOTE
r-release-macos-x86_64 2021.11.1 NOTE
r-release-windows-ix86+x86_64 2021.11.1 16.00 119.00 135.00 NOTE
r-oldrel-macos-x86_64 2021.11.1 NOTE
r-oldrel-windows-ix86+x86_64 2021.11.1 17.00 79.00 96.00 NOTE

Check Details

Version: 2021.11.1
Check: installed package size
Result: NOTE
     installed size is 5.3Mb
     sub-directories of 1Mb or more:
     doc 4.9Mb
Flavors: r-devel-linux-x86_64-fedora-clang, r-devel-windows-x86_64, r-patched-solaris-x86, r-release-macos-x86_64, r-release-windows-ix86+x86_64, r-oldrel-macos-x86_64, r-oldrel-windows-ix86+x86_64

Version: 2021.1.1
Check: installed package size
Result: NOTE
     installed size is 5.2Mb
     sub-directories of 1Mb or more:
     doc 4.8Mb
Flavor: r-release-macos-arm64