Last updated on 2023-09-24 23:59:44 CEST.
Flavor | Version | Tinstall | Tcheck | Ttotal | Status | Flags |
---|---|---|---|---|---|---|
r-devel-linux-x86_64-debian-clang | 1.2.0 | 36.68 | 523.51 | 560.19 | OK | |
r-devel-linux-x86_64-debian-gcc | 1.2.0 | 24.53 | 295.91 | 320.44 | OK | |
r-devel-linux-x86_64-fedora-clang | 1.2.0 | 597.74 | OK | |||
r-devel-linux-x86_64-fedora-gcc | 1.2.0 | 542.24 | OK | |||
r-devel-windows-x86_64 | 1.2.0 | 29.00 | 241.00 | 270.00 | OK | --no-vignettes |
r-patched-linux-x86_64 | 1.2.0 | 32.76 | 398.84 | 431.60 | OK | |
r-release-linux-x86_64 | 1.2.0 | 27.80 | 395.43 | 423.23 | OK | |
r-release-macos-arm64 | 1.2.0 | 140.00 | OK | |||
r-release-macos-x86_64 | 1.2.0 | 224.00 | NOTE | |||
r-release-windows-x86_64 | 1.2.0 | 36.00 | 285.00 | 321.00 | OK | --no-vignettes |
r-oldrel-macos-arm64 | 1.2.0 | 128.00 | OK | |||
r-oldrel-macos-x86_64 | 1.2.0 | 253.00 | OK | |||
r-oldrel-windows-x86_64 | 1.2.0 | 36.00 | 283.00 | 319.00 | OK | --no-vignettes |
Version: 1.2.0
Check: package dependencies
Result: NOTE
Package suggested but not available for checking: ‘gsl’
Flavor: r-release-macos-x86_64