CRAN Package Check Results for Package BVSNLP

Last updated on 2024-02-23 00:59:24 CET.

Flavor Version Tinstall Tcheck Ttotal Status Flags
r-devel-linux-x86_64-debian-clang 1.1.9 NOTE
r-devel-linux-x86_64-debian-gcc 1.1.9 67.04 34.81 101.85 NOTE
r-devel-linux-x86_64-fedora-clang 1.1.9 160.17 NOTE
r-devel-linux-x86_64-fedora-gcc 1.1.9 183.31 NOTE
r-devel-windows-x86_64 1.1.9 60.00 86.00 146.00 NOTE
r-patched-linux-x86_64 1.1.9 88.63 46.34 134.97 NOTE
r-release-linux-x86_64 1.1.9 75.95 45.35 121.30 NOTE
r-release-macos-arm64 1.1.9 56.00 NOTE
r-release-macos-x86_64 1.1.9 78.00 NOTE
r-release-windows-x86_64 1.1.9 76.00 95.00 171.00 NOTE
r-oldrel-macos-arm64 1.1.9 47.00 NOTE
r-oldrel-windows-x86_64 1.1.9 73.00 87.00 160.00 NOTE

Check Details

Version: 1.1.9
Check: C++ specification
Result: NOTE Specified C++11: please drop specification unless essential Flavors: r-devel-linux-x86_64-debian-clang, r-devel-linux-x86_64-debian-gcc, r-devel-linux-x86_64-fedora-clang, r-devel-linux-x86_64-fedora-gcc, r-devel-windows-x86_64, r-patched-linux-x86_64, r-release-linux-x86_64, r-release-macos-arm64, r-release-macos-x86_64, r-release-windows-x86_64

Version: 1.1.9
Check: LazyData
Result: NOTE 'LazyData' is specified without a 'data' directory Flavors: r-devel-linux-x86_64-debian-clang, r-devel-linux-x86_64-debian-gcc, r-devel-linux-x86_64-fedora-clang, r-devel-linux-x86_64-fedora-gcc, r-devel-windows-x86_64, r-patched-linux-x86_64, r-release-linux-x86_64, r-release-macos-arm64, r-release-macos-x86_64, r-release-windows-x86_64, r-oldrel-macos-arm64, r-oldrel-windows-x86_64

Version: 1.1.9
Check: package dependencies
Result: NOTE Package suggested but not available for checking: ‘doMPI’ Flavors: r-release-macos-arm64, r-release-macos-x86_64, r-oldrel-macos-arm64

Version: 1.1.9
Check: installed package size
Result: NOTE installed size is 20.0Mb sub-directories of 1Mb or more: libs 19.8Mb Flavors: r-release-macos-arm64, r-release-macos-x86_64, r-oldrel-macos-arm64