CRAN Package Check Results for Package BatchGetSymbols

Last updated on 2021-10-23 00:48:47 CEST.

Flavor Version Tinstall Tcheck Ttotal Status Flags
r-devel-linux-x86_64-debian-clang 2.6.1 4.71 53.36 58.07 NOTE
r-devel-linux-x86_64-debian-gcc 2.6.1 3.87 41.20 45.07 NOTE
r-devel-linux-x86_64-fedora-clang 2.6.1 81.94 NOTE
r-devel-linux-x86_64-fedora-gcc 2.6.1 67.86 NOTE
r-devel-windows-x86_64 2.6.1 9.00 81.00 90.00 NOTE
r-devel-windows-x86_64-gcc10-UCRT 2.6.1 NOTE
r-patched-linux-x86_64 2.6.1 3.81 49.96 53.77 NOTE
r-patched-solaris-x86 2.6.1 94.00 NOTE
r-release-linux-x86_64 2.6.1 4.04 49.87 53.91 NOTE
r-release-macos-arm64 2.6.1 NOTE
r-release-macos-x86_64 2.6.1 NOTE
r-release-windows-ix86+x86_64 2.6.1 10.00 62.00 72.00 NOTE
r-oldrel-macos-x86_64 2.6.1 OK
r-oldrel-windows-ix86+x86_64 2.6.1 14.00 81.00 95.00 OK

Check Details

Version: 2.6.1
Check: LazyData
Result: NOTE
     'LazyData' is specified without a 'data' directory
Flavors: r-devel-linux-x86_64-debian-clang, r-devel-linux-x86_64-debian-gcc, r-devel-linux-x86_64-fedora-clang, r-devel-linux-x86_64-fedora-gcc, r-devel-windows-x86_64, r-devel-windows-x86_64-gcc10-UCRT, r-patched-linux-x86_64, r-patched-solaris-x86, r-release-linux-x86_64, r-release-macos-arm64, r-release-macos-x86_64, r-release-windows-ix86+x86_64