CRAN Package Check Results for Package BayesCTDesign

Last updated on 2021-10-20 00:49:32 CEST.

Flavor Version Tinstall Tcheck Ttotal Status Flags
r-devel-linux-x86_64-debian-clang 0.6.0 16.29 97.52 113.81 NOTE
r-devel-linux-x86_64-debian-gcc 0.6.0 13.73 70.22 83.95 NOTE
r-devel-linux-x86_64-fedora-clang 0.6.0 148.02 NOTE
r-devel-linux-x86_64-fedora-gcc 0.6.0 135.05 NOTE
r-devel-windows-x86_64 0.6.0 26.00 111.00 137.00 NOTE
r-devel-windows-x86_64-gcc10-UCRT 0.6.0 NOTE
r-patched-linux-x86_64 0.6.0 15.31 94.41 109.72 NOTE
r-patched-solaris-x86 0.6.0 159.20 NOTE
r-release-linux-x86_64 0.6.0 15.44 93.87 109.31 NOTE
r-release-macos-arm64 0.6.0 NOTE
r-release-macos-x86_64 0.6.0 NOTE
r-release-windows-ix86+x86_64 0.6.0 27.00 108.00 135.00 NOTE
r-oldrel-macos-x86_64 0.6.0 OK
r-oldrel-windows-ix86+x86_64 0.6.0 28.00 110.00 138.00 OK

Additional issues

donttest

Check Details

Version: 0.6.0
Check: LazyData
Result: NOTE
     'LazyData' is specified without a 'data' directory
Flavors: r-devel-linux-x86_64-debian-clang, r-devel-linux-x86_64-debian-gcc, r-devel-linux-x86_64-fedora-clang, r-devel-linux-x86_64-fedora-gcc, r-devel-windows-x86_64, r-devel-windows-x86_64-gcc10-UCRT, r-patched-linux-x86_64, r-patched-solaris-x86, r-release-linux-x86_64, r-release-macos-arm64, r-release-macos-x86_64, r-release-windows-ix86+x86_64