CRAN Package Check Results for Package BayesFactor

Last updated on 2023-09-23 00:53:47 CEST.

Flavor Version Tinstall Tcheck Ttotal Status Flags
r-devel-linux-x86_64-debian-clang 0.9.12-4.4 282.44 311.19 593.63 ERROR
r-devel-linux-x86_64-debian-gcc 0.9.12-4.4 195.14 243.98 439.12 ERROR
r-devel-linux-x86_64-fedora-clang 0.9.12-4.5 915.04 OK
r-devel-linux-x86_64-fedora-gcc 0.9.12-4.5 970.87 OK
r-devel-windows-x86_64 0.9.12-4.5 182.00 292.00 474.00 NOTE
r-patched-linux-x86_64 0.9.12-4.4 290.74 303.53 594.27 OK
r-release-linux-x86_64 0.9.12-4.4 285.50 314.19 599.69 OK
r-release-macos-arm64 0.9.12-4.4 204.00 NOTE
r-release-macos-x86_64 0.9.12-4.4 342.00 NOTE
r-release-windows-x86_64 0.9.12-4.4 287.00 325.00 612.00 ERROR
r-oldrel-macos-arm64 0.9.12-4.4 183.00 NOTE
r-oldrel-macos-x86_64 0.9.12-4.4 1324.00 NOTE
r-oldrel-windows-x86_64 0.9.12-4.5 189.00 334.00 523.00 NOTE

Additional issues

clang-ASAN

Check Details

Version: 0.9.12-4.4
Check: examples
Result: ERROR
    Running examples in ‘BayesFactor-Ex.R’ failed
    The error most likely occurred in:
    
    > base::assign(".ptime", proc.time(), pos = "CheckExEnv")
    > ### Name: ttest.tstat
    > ### Title: Use t statistic to compute Bayes factor for one- and two- sample
    > ### designs
    > ### Aliases: ttest.tstat
    > ### Keywords: htest
    >
    > ### ** Examples
    >
    > ## Classical example: Student's sleep data
    > data(sleep)
    > plot(extra ~ group, data = sleep)
    >
    > ## t.test() gives a t value of -4.0621
    > t.test(extra ~ group, data = sleep, paired=TRUE)
    Error in t.test.formula(extra ~ group, data = sleep, paired = TRUE) :
     cannot use 'paired' in formula method
    Calls: t.test -> t.test.formula
    Execution halted
Flavors: r-devel-linux-x86_64-debian-clang, r-devel-linux-x86_64-debian-gcc

Version: 0.9.12-4.4
Check: re-building of vignette outputs
Result: ERROR
    Error(s) in re-building vignettes:
     ...
    --- re-building ‘compare_lme4.Rmd’ using knitr
    --- finished re-building ‘compare_lme4.Rmd’
    
    --- re-building ‘index.Rmd’ using knitr
    --- finished re-building ‘index.Rmd’
    
    --- re-building ‘manual.Rmd’ using knitr
    --- finished re-building ‘manual.Rmd’
    
    --- re-building ‘odds_probs.Rmd’ using knitr
    --- finished re-building ‘odds_probs.Rmd’
    
    --- re-building ‘priors.Rmd’ using knitr
    
    Quitting from lines 122-127 [unnamed-chunk-9] (priors.Rmd)
    Error: processing vignette 'priors.Rmd' failed with diagnostics:
    cannot use 'paired' in formula method
    --- failed re-building ‘priors.Rmd’
    
    SUMMARY: processing the following file failed:
     ‘priors.Rmd’
    
    Error: Vignette re-building failed.
    Execution halted
Flavors: r-devel-linux-x86_64-debian-clang, r-devel-linux-x86_64-debian-gcc

Version: 0.9.12-4.5
Check: package dependencies
Result: NOTE
    Package suggested but not available for checking: 'doMC'
Flavors: r-devel-windows-x86_64, r-oldrel-windows-x86_64

Version: 0.9.12-4.5
Check: installed package size
Result: NOTE
     installed size is 5.1Mb
     sub-directories of 1Mb or more:
     doc 2.6Mb
     libs 1.5Mb
Flavors: r-devel-windows-x86_64, r-oldrel-windows-x86_64

Version: 0.9.12-4.4
Check: installed package size
Result: NOTE
     installed size is 16.3Mb
     sub-directories of 1Mb or more:
     doc 1.4Mb
     libs 13.8Mb
Flavors: r-release-macos-arm64, r-release-macos-x86_64, r-oldrel-macos-arm64, r-oldrel-macos-x86_64

Version: 0.9.12-4.4
Check: package dependencies
Result: NOTE
    Package suggested but not available for checking: 'doMC'
Flavor: r-release-windows-x86_64

Version: 0.9.12-4.4
Check: re-building of vignette outputs
Result: ERROR
    Error(s) in re-building vignettes:
    --- re-building 'compare_lme4.Rmd' using knitr
    --- finished re-building 'compare_lme4.Rmd'
    
    --- re-building 'index.Rmd' using knitr
    --- finished re-building 'index.Rmd'
    
    --- re-building 'manual.Rmd' using knitr
    Error: processing vignette 'manual.Rmd' failed with diagnostics:
    file name conversion problem -- name too long?
    --- failed re-building 'manual.Rmd'
    
    --- re-building 'odds_probs.Rmd' using knitr
    --- finished re-building 'odds_probs.Rmd'
    
    --- re-building 'priors.Rmd' using knitr
    --- finished re-building 'priors.Rmd'
    
    SUMMARY: processing the following file failed:
     'manual.Rmd'
    
    Error: Vignette re-building failed.
    Execution halted
Flavor: r-release-windows-x86_64