CRAN Package Check Results for Package BayesLN

Last updated on 2025-01-20 00:48:15 CET.

Flavor Version Tinstall Tcheck Ttotal Status Flags
r-devel-linux-x86_64-debian-clang 0.2.10 39.71 91.78 131.49 NOTE
r-devel-linux-x86_64-debian-gcc 0.2.10 30.99 66.96 97.95 NOTE
r-devel-linux-x86_64-fedora-clang 0.2.10 228.36 OK
r-devel-linux-x86_64-fedora-gcc 0.2.10 246.73 OK
r-devel-windows-x86_64 0.2.10 41.00 133.00 174.00 NOTE
r-patched-linux-x86_64 0.2.10 45.67 88.35 134.02 OK
r-release-linux-x86_64 0.2.10 44.02 89.16 133.18 OK
r-release-macos-arm64 0.2.10 68.00 NOTE
r-release-macos-x86_64 0.2.10 213.00 NOTE
r-release-windows-x86_64 0.2.10 41.00 129.00 170.00 OK
r-oldrel-macos-arm64 0.2.10 74.00 NOTE
r-oldrel-macos-x86_64 0.2.10 161.00 NOTE
r-oldrel-windows-x86_64 0.2.10 48.00 165.00 213.00 OK

Check Details

Version: 0.2.10
Check: Rd cross-references
Result: NOTE Found the following Rd file(s) with Rd \link{} targets missing package anchors: LN_hierarchical.Rd: lmer, mcmc Please provide package anchors for all Rd \link{} targets not in the package itself and the base packages. Flavors: r-devel-linux-x86_64-debian-clang, r-devel-linux-x86_64-debian-gcc, r-devel-windows-x86_64

Version: 0.2.10
Check: installed package size
Result: NOTE installed size is 13.0Mb sub-directories of 1Mb or more: libs 12.7Mb Flavors: r-release-macos-arm64, r-release-macos-x86_64, r-oldrel-macos-arm64, r-oldrel-macos-x86_64