Last updated on 2023-05-29 00:59:28 CEST.
Flavor | Version | Tinstall | Tcheck | Ttotal | Status | Flags |
---|---|---|---|---|---|---|
r-devel-linux-x86_64-debian-clang | 1.3.0 | 418.30 | 246.06 | 664.36 | OK | |
r-devel-linux-x86_64-debian-gcc | 1.3.0 | 327.03 | 178.94 | 505.97 | OK | |
r-devel-linux-x86_64-fedora-clang | 1.3.0 | 983.41 | OK | |||
r-devel-linux-x86_64-fedora-gcc | 1.3.0 | 1036.92 | OK | |||
r-devel-windows-x86_64 | 1.3.0 | 316.00 | 314.00 | 630.00 | OK | |
r-patched-linux-x86_64 | 1.3.0 | 273.92 | 239.37 | 513.29 | OK | |
r-release-linux-x86_64 | 1.3.0 | 263.67 | 236.62 | 500.29 | OK | |
r-release-macos-arm64 | 1.3.0 | 245.00 | NOTE | |||
r-release-macos-x86_64 | 1.3.0 | 371.00 | NOTE | |||
r-release-windows-x86_64 | 1.3.0 | 422.00 | 384.00 | 806.00 | OK | |
r-oldrel-macos-arm64 | 1.3.0 | 166.00 | NOTE | |||
r-oldrel-macos-x86_64 | 1.3.0 | 272.00 | NOTE | |||
r-oldrel-windows-x86_64 | 1.3.0 | 412.00 | 328.00 | 740.00 | OK |
Version: 1.3.0
Check: installed package size
Result: NOTE
installed size is 17.8Mb
sub-directories of 1Mb or more:
doc 1.7Mb
libs 15.3Mb
Flavors: r-release-macos-arm64, r-release-macos-x86_64, r-oldrel-macos-arm64, r-oldrel-macos-x86_64