CRAN Package Check Results for Package BayesPPD

Last updated on 2024-02-29 00:55:34 CET.

Flavor Version Tinstall Tcheck Ttotal Status Flags
r-devel-linux-x86_64-debian-clang 1.1.2 124.25 302.11 426.36 OK
r-devel-linux-x86_64-debian-gcc 1.1.2 109.55 195.11 304.66 OK
r-devel-linux-x86_64-fedora-clang 1.1.2 557.76 OK
r-devel-linux-x86_64-fedora-gcc 1.1.2 606.27 OK
r-devel-windows-x86_64 1.1.2 93.00 535.00 628.00 OK
r-patched-linux-x86_64 1.1.2 132.53 306.10 438.63 OK
r-release-linux-x86_64 1.1.2 142.27 311.01 453.28 OK
r-release-macos-arm64 1.1.2 145.00 NOTE
r-release-macos-x86_64 1.1.2 329.00 NOTE
r-release-windows-x86_64 1.1.2 122.00 547.00 669.00 OK
r-oldrel-macos-arm64 1.1.2 134.00 NOTE
r-oldrel-windows-x86_64 1.1.2 115.00 543.00 658.00 OK

Check Details

Version: 1.1.2
Check: installed package size
Result: NOTE installed size is 12.9Mb sub-directories of 1Mb or more: libs 12.6Mb Flavors: r-release-macos-arm64, r-release-macos-x86_64, r-oldrel-macos-arm64