CRAN Package Check Results for Package BayesProject

Last updated on 2024-06-14 00:53:35 CEST.

Flavor Version Tinstall Tcheck Ttotal Status Flags
r-devel-linux-x86_64-debian-clang 1.0 41.29 33.37 74.66 OK
r-devel-linux-x86_64-debian-gcc 1.0 25.48 26.62 52.10 OK
r-devel-linux-x86_64-fedora-clang 1.0 96.16 OK
r-devel-linux-x86_64-fedora-gcc 1.0 98.83 OK
r-devel-windows-x86_64 1.0 27.00 67.00 94.00 OK
r-patched-linux-x86_64 1.0 32.66 34.99 67.65 OK
r-release-linux-x86_64 1.0 34.84 34.49 69.33 OK
r-release-macos-arm64 1.0 28.00 NOTE
r-release-macos-x86_64 1.0 43.00 NOTE
r-release-windows-x86_64 1.0 29.00 67.00 96.00 OK
r-oldrel-macos-arm64 1.0 32.00 NOTE
r-oldrel-macos-x86_64 1.0 46.00 NOTE
r-oldrel-windows-x86_64 1.0 35.00 73.00 108.00 OK

Check Details

Version: 1.0
Check: installed package size
Result: NOTE installed size is 8.8Mb sub-directories of 1Mb or more: libs 8.7Mb Flavors: r-release-macos-arm64, r-release-macos-x86_64, r-oldrel-macos-arm64, r-oldrel-macos-x86_64