CRAN Package Check Results for Package BayesRGMM

Last updated on 2021-10-27 00:50:57 CEST.

Flavor Version Tinstall Tcheck Ttotal Status Flags
r-devel-linux-x86_64-debian-clang 1.1 97.97 105.68 203.65 OK
r-devel-linux-x86_64-debian-gcc 1.1 80.04 83.91 163.95 OK
r-devel-linux-x86_64-fedora-clang 1.1 308.52 NOTE
r-devel-linux-x86_64-fedora-gcc 1.1 280.44 OK
r-devel-windows-x86_64 1.1 130.00 140.00 270.00 WARN
r-devel-windows-x86_64-gcc10-UCRT 1.1 OK
r-patched-linux-x86_64 1.1 92.86 103.07 195.93 OK
r-patched-solaris-x86 1.1 320.70 OK
r-release-linux-x86_64 1.1 97.83 103.99 201.82 OK
r-release-macos-arm64 1.1 NOTE
r-release-macos-x86_64 1.1 NOTE
r-release-windows-ix86+x86_64 1.1 177.00 185.00 362.00 OK
r-oldrel-macos-x86_64 1.1 NOTE
r-oldrel-windows-ix86+x86_64 1.1 261.00 208.00 469.00 OK

Check Details

Version: 1.1
Check: installed package size
Result: NOTE
     installed size is 6.6Mb
     sub-directories of 1Mb or more:
     libs 6.2Mb
Flavors: r-devel-linux-x86_64-fedora-clang, r-release-macos-arm64, r-release-macos-x86_64, r-oldrel-macos-x86_64

Version: 1.1
Check: re-building of vignette outputs
Result: WARN
    Error(s) in re-building vignettes:
    --- re-building 'BayesRGMM.Rnw' using Sweave
    
    error: inv_sympd(): matrix is singular or not positive definite
    
    Error: processing vignette 'BayesRGMM.Rnw' failed with diagnostics:
     chunk 3 (label = Simulation 2: ARMA Correlation Structure)
    Error in ProbitMCMCARMAKB(num.of.iter, Data, InitialValues, HyperPara, :
     inv_sympd(): matrix is singular or not positive definite
    
    --- failed re-building 'BayesRGMM.Rnw'
    
    SUMMARY: processing the following file failed:
     'BayesRGMM.Rnw'
    
    Error: Vignette re-building failed.
    Execution halted
Flavor: r-devel-windows-x86_64