CRAN Package Check Results for Package BayesRGMM

Last updated on 2024-06-14 00:53:35 CEST.

Flavor Version Tinstall Tcheck Ttotal Status Flags
r-devel-linux-x86_64-debian-clang 2.2 147.70 192.43 340.13 NOTE
r-devel-linux-x86_64-debian-gcc 2.2 101.87 96.98 198.85 ERROR
r-devel-linux-x86_64-fedora-clang 2.2 444.28 NOTE
r-devel-linux-x86_64-fedora-gcc 2.2 461.75 NOTE
r-devel-windows-x86_64 2.2 107.00 176.00 283.00 NOTE
r-patched-linux-x86_64 2.2 125.86 164.36 290.22 NOTE
r-release-linux-x86_64 2.2 135.33 165.79 301.12 NOTE
r-release-macos-arm64 2.2 114.00 NOTE
r-release-macos-x86_64 2.2 176.00 NOTE
r-release-windows-x86_64 2.2 109.00 182.00 291.00 NOTE
r-oldrel-macos-arm64 2.2 151.00 NOTE
r-oldrel-macos-x86_64 2.2 235.00 NOTE
r-oldrel-windows-x86_64 2.2 130.00 212.00 342.00 NOTE

Check Details

Version: 2.2
Check: C++ specification
Result: NOTE Specified C++11: please drop specification unless essential Flavors: r-devel-linux-x86_64-debian-clang, r-devel-linux-x86_64-debian-gcc, r-devel-linux-x86_64-fedora-clang, r-devel-linux-x86_64-fedora-gcc, r-devel-windows-x86_64, r-patched-linux-x86_64, r-release-linux-x86_64, r-release-macos-arm64, r-release-macos-x86_64, r-release-windows-x86_64, r-oldrel-macos-arm64, r-oldrel-macos-x86_64, r-oldrel-windows-x86_64

Version: 2.2
Check: package dependencies
Result: NOTE Package suggested but not available for checking: ‘testthat’ Flavor: r-devel-linux-x86_64-debian-gcc

Version: 2.2
Check: tests
Result: ERROR Running ‘testthat.R’ [0s/1s] Running the tests in ‘tests/testthat.R’ failed. Complete output: > library(testthat) Error in library(testthat) : there is no package called 'testthat' Execution halted Flavor: r-devel-linux-x86_64-debian-gcc

Version: 2.2
Check: installed package size
Result: NOTE installed size is 8.1Mb sub-directories of 1Mb or more: libs 7.5Mb Flavors: r-release-macos-arm64, r-release-macos-x86_64, r-oldrel-macos-arm64, r-oldrel-macos-x86_64