CRAN Package Check Results for Package BayesReversePLLH

Last updated on 2024-07-14 00:55:18 CEST.

Flavor Version Tinstall Tcheck Ttotal Status Flags
r-devel-linux-x86_64-debian-clang 1.5 52.63 31.62 84.25 NOTE
r-devel-linux-x86_64-debian-gcc 1.5 30.06 24.07 54.13 NOTE
r-devel-linux-x86_64-fedora-clang 1.5 103.82 NOTE
r-devel-linux-x86_64-fedora-gcc 1.5 106.44 NOTE
r-devel-windows-x86_64 1.5 35.00 97.00 132.00 NOTE
r-patched-linux-x86_64 1.5 36.68 30.77 67.45 NOTE
r-release-linux-x86_64 1.5 39.28 30.71 69.99 NOTE
r-release-macos-arm64 1.5 29.00 NOTE
r-release-macos-x86_64 1.5 44.00 NOTE
r-release-windows-x86_64 1.5 33.00 72.00 105.00 NOTE
r-oldrel-macos-arm64 1.5 33.00 NOTE
r-oldrel-macos-x86_64 1.5 52.00 NOTE
r-oldrel-windows-x86_64 1.5 44.00 83.00 127.00 NOTE

Check Details

Version: 1.5
Check: C++ specification
Result: NOTE Specified C++11: please drop specification unless essential Flavors: r-devel-linux-x86_64-debian-clang, r-devel-linux-x86_64-debian-gcc, r-devel-linux-x86_64-fedora-clang, r-devel-linux-x86_64-fedora-gcc, r-devel-windows-x86_64, r-patched-linux-x86_64, r-release-linux-x86_64, r-release-macos-arm64, r-release-macos-x86_64, r-release-windows-x86_64, r-oldrel-macos-arm64, r-oldrel-macos-x86_64, r-oldrel-windows-x86_64